{"id":1676,"date":"2017-03-21T17:13:16","date_gmt":"2017-03-21T15:13:16","guid":{"rendered":"https:\/\/www.saxsim.ee\/swp\/toode\/razor-with-10-blades\/"},"modified":"2024-02-04T10:32:33","modified_gmt":"2024-02-04T08:32:33","slug":"razor-with-10-blades","status":"publish","type":"product","link":"https:\/\/saxsim.ee\/swp\/product\/razor-with-10-blades\/","title":{"rendered":"Razor with 10 blades &#8211; l\u00f5ikusnuga"},"content":{"rendered":"<p>Lahtik\u00e4iv juuksel\u00f5ikusnuga + 10 pikka \u017eiletitera.<\/p>\n<p>\u017diletiterad tuleb murda pooleks.<\/p>\n<p>\u017diletiterad on eraldi m\u00fc\u00fcgis.<\/p>\n<p>&nbsp;<\/p>\n","protected":false},"excerpt":{"rendered":"<p>Lahtik\u00e4iv juuksel\u00f5ikusnuga + 10 pikka \u017eiletitera. \u017diletiterad tuleb murda pooleks. \u017diletiterad on eraldi m\u00fc\u00fcgis. &nbsp;<\/p>\n","protected":false},"featured_media":1677,"comment_status":"closed","ping_status":"closed","template":"","meta":[],"product_cat":[401,337],"product_tag":[],"class_list":{"0":"post-1676","1":"product","2":"type-product","3":"status-publish","4":"has-post-thumbnail","6":"product_cat-juuksuri-tarvikud","7":"product_cat-loikusnoad-ja-noaterad","9":"first","10":"instock","11":"taxable","12":"shipping-taxable","13":"purchasable","14":"product-type-simple"},"_links":{"self":[{"href":"https:\/\/saxsim.ee\/swp\/wp-json\/wp\/v2\/product\/1676"}],"collection":[{"href":"https:\/\/saxsim.ee\/swp\/wp-json\/wp\/v2\/product"}],"about":[{"href":"https:\/\/saxsim.ee\/swp\/wp-json\/wp\/v2\/types\/product"}],"replies":[{"embeddable":true,"href":"https:\/\/saxsim.ee\/swp\/wp-json\/wp\/v2\/comments?post=1676"}],"wp:featuredmedia":[{"embeddable":true,"href":"https:\/\/saxsim.ee\/swp\/wp-json\/wp\/v2\/media\/1677"}],"wp:attachment":[{"href":"https:\/\/saxsim.ee\/swp\/wp-json\/wp\/v2\/media?parent=1676"}],"wp:term":[{"taxonomy":"product_cat","embeddable":true,"href":"https:\/\/saxsim.ee\/swp\/wp-json\/wp\/v2\/product_cat?post=1676"},{"taxonomy":"product_tag","embeddable":true,"href":"https:\/\/saxsim.ee\/swp\/wp-json\/wp\/v2\/product_tag?post=1676"}],"curies":[{"name":"wp","href":"https:\/\/api.w.org\/{rel}","templated":true}]}}