{"id":1596,"date":"2017-03-20T14:08:06","date_gmt":"2017-03-20T12:08:06","guid":{"rendered":"https:\/\/www.saxsim.ee\/swp\/toode\/refectocil-cosmetic-dish-1-tk\/"},"modified":"2025-11-07T08:32:23","modified_gmt":"2025-11-07T06:32:23","slug":"refectocil-cosmetic-dish-1-tk","status":"publish","type":"product","link":"https:\/\/saxsim.ee\/swp\/product\/refectocil-cosmetic-dish-1-tk\/","title":{"rendered":"RefectoCil Cosmetic Dish 1 tk. &#8211; klaasist segamisn\u00f5u"},"content":{"rendered":"<p>Klaasist segamisn\u00f5u v\u00e4rvi segamiseks.<\/p>\n<p>&nbsp;<\/p>\n","protected":false},"excerpt":{"rendered":"<p>Klaasist segamisn\u00f5u v\u00e4rvi segamiseks. &nbsp;<\/p>\n","protected":false},"featured_media":1597,"comment_status":"closed","ping_status":"closed","template":"","meta":[],"product_cat":[717,97,268],"product_tag":[],"class_list":{"0":"post-1596","1":"product","2":"type-product","3":"status-publish","4":"has-post-thumbnail","6":"product_cat-refectocil-2","7":"product_cat-nagu-ja-keha","8":"product_cat-refectocil","10":"first","11":"instock","12":"taxable","13":"shipping-taxable","14":"purchasable","15":"product-type-simple"},"_links":{"self":[{"href":"https:\/\/saxsim.ee\/swp\/wp-json\/wp\/v2\/product\/1596"}],"collection":[{"href":"https:\/\/saxsim.ee\/swp\/wp-json\/wp\/v2\/product"}],"about":[{"href":"https:\/\/saxsim.ee\/swp\/wp-json\/wp\/v2\/types\/product"}],"replies":[{"embeddable":true,"href":"https:\/\/saxsim.ee\/swp\/wp-json\/wp\/v2\/comments?post=1596"}],"wp:featuredmedia":[{"embeddable":true,"href":"https:\/\/saxsim.ee\/swp\/wp-json\/wp\/v2\/media\/1597"}],"wp:attachment":[{"href":"https:\/\/saxsim.ee\/swp\/wp-json\/wp\/v2\/media?parent=1596"}],"wp:term":[{"taxonomy":"product_cat","embeddable":true,"href":"https:\/\/saxsim.ee\/swp\/wp-json\/wp\/v2\/product_cat?post=1596"},{"taxonomy":"product_tag","embeddable":true,"href":"https:\/\/saxsim.ee\/swp\/wp-json\/wp\/v2\/product_tag?post=1596"}],"curies":[{"name":"wp","href":"https:\/\/api.w.org\/{rel}","templated":true}]}}