{"id":15929,"date":"2026-04-25T16:04:57","date_gmt":"2026-04-25T13:04:57","guid":{"rendered":"https:\/\/saxsim.ee\/swp\/?post_type=product&#038;p=15929"},"modified":"2026-04-27T09:28:29","modified_gmt":"2026-04-27T06:28:29","slug":"wahl-professional-detailer-t-wide-trimmer","status":"publish","type":"product","link":"https:\/\/saxsim.ee\/swp\/product\/wahl-professional-detailer-t-wide-trimmer\/","title":{"rendered":"Wahl Professional Detailer T-Wide &#8211; trimmer"},"content":{"rendered":"<p>Suure j\u00f5udlusega ja vastupidav juhtmega Wahl Professional Detailer T-Wide trimmer pidevaks kasutamiseks. Trimmeril on vastupidav ja kauakestev alalisvoolumootor. Disainitud t\u00e4psete kontuuride ja igasuguse peene t\u00f6\u00f6 jaoks. Ideaalne v\u00e4ikestele k\u00e4tele. Trimmeril on ekstra lai ( 38 mm ) WAHL T-tera. V\u00f5imalik seadistada nullkattuvust &#8220;0&#8221; \u00e4\u00e4rmiselt l\u00fchikeste l\u00f5ikepikkuste jaoks.<\/p>\n<p><strong>Tehnilised andmed:<\/strong><\/p>\n<p>&#8211; mootor: DC, kiirus 5000 p\/min<br \/>\n&#8211; pinge: 100\u2013240 V, 50\/60 Hz<br \/>\n&#8211; l\u00f5iketera k\u00f5rgus:\u00a0 0,4 mm. ( tehase seadistus )<br \/>\n&#8211; kaal: 190 g.<br \/>\n&#8211; juhe: 2,9 m.<\/p>\n<p><strong>Komplektis:<\/strong><\/p>\n<p>&#8211; T-l\u00f5ikustera ( laius: 38 mm. )<br \/>\n&#8211; 3 l\u00f5ikustalda: #0.5 ( 1.5 mm ), #1 ( 3 mm ), #1.5 ( 4.5 mm )<br \/>\n&#8211; l\u00f5iketera reguleerimise abivahend<br \/>\n&#8211; puhastushari<br \/>\n&#8211; masina\u00f5li<br \/>\n&#8211; terakaitse<\/p>\n","protected":false},"excerpt":{"rendered":"<p>Suure j\u00f5udlusega ja vastupidav juhtmega Wahl Professional Detailer T-Wide trimmer pidevaks kasutamiseks. Trimmeril on vastupidav ja kauakestev alalisvoolumootor. Disainitud t\u00e4psete kontuuride ja igasuguse peene t\u00f6\u00f6 jaoks. Ideaalne v\u00e4ikestele k\u00e4tele. Trimmeril on ekstra lai ( 38 mm ) WAHL T-tera. V\u00f5imalik seadistada nullkattuvust &#8220;0&#8221; \u00e4\u00e4rmiselt l\u00fchikeste l\u00f5ikepikkuste jaoks. Tehnilised andmed: &#8211; mootor: DC, kiirus 5000 p\/min [&hellip;]<\/p>\n","protected":false},"featured_media":15933,"comment_status":"closed","ping_status":"closed","template":"","meta":[],"product_cat":[866,792,401,280,286],"product_tag":[],"class_list":{"0":"post-15929","1":"product","2":"type-product","3":"status-publish","4":"has-post-thumbnail","6":"product_cat-wahl-professional","7":"product_cat-uued-tooted","8":"product_cat-juuksuri-tarvikud","9":"product_cat-elektrilised-toovahendid","10":"product_cat-loikusmasinad-ja-trimmerid","12":"first","13":"instock","14":"taxable","15":"shipping-taxable","16":"purchasable","17":"product-type-simple"},"_links":{"self":[{"href":"https:\/\/saxsim.ee\/swp\/wp-json\/wp\/v2\/product\/15929"}],"collection":[{"href":"https:\/\/saxsim.ee\/swp\/wp-json\/wp\/v2\/product"}],"about":[{"href":"https:\/\/saxsim.ee\/swp\/wp-json\/wp\/v2\/types\/product"}],"replies":[{"embeddable":true,"href":"https:\/\/saxsim.ee\/swp\/wp-json\/wp\/v2\/comments?post=15929"}],"wp:featuredmedia":[{"embeddable":true,"href":"https:\/\/saxsim.ee\/swp\/wp-json\/wp\/v2\/media\/15933"}],"wp:attachment":[{"href":"https:\/\/saxsim.ee\/swp\/wp-json\/wp\/v2\/media?parent=15929"}],"wp:term":[{"taxonomy":"product_cat","embeddable":true,"href":"https:\/\/saxsim.ee\/swp\/wp-json\/wp\/v2\/product_cat?post=15929"},{"taxonomy":"product_tag","embeddable":true,"href":"https:\/\/saxsim.ee\/swp\/wp-json\/wp\/v2\/product_tag?post=15929"}],"curies":[{"name":"wp","href":"https:\/\/api.w.org\/{rel}","templated":true}]}}