{"id":15792,"date":"2026-03-26T07:49:37","date_gmt":"2026-03-26T05:49:37","guid":{"rendered":"https:\/\/saxsim.ee\/swp\/?post_type=product&#038;p=15792"},"modified":"2026-03-29T18:06:36","modified_gmt":"2026-03-29T15:06:36","slug":"jrl-straight-and-curl-iron-2-8-sunset-sapphire-sirgendaja","status":"publish","type":"product","link":"https:\/\/saxsim.ee\/swp\/product\/jrl-straight-and-curl-iron-2-8-sunset-sapphire-sirgendaja\/","title":{"rendered":"JRL Straight and Curl Iron 2.8 Sunset Sapphire &#8211; sirgendaja"},"content":{"rendered":"<p>Kitsaste plaatidega JRL <span class=\"HwtZe\" lang=\"et\"><span class=\"jCAhz ChMk0b\"><span class=\"ryNqvb\">2.8 Sunset Sapphire<\/span><\/span><\/span> sirgendaja ja lokitangid.<\/p>\n<p>Kogege parimat m\u00f5lemast maailmast JRL <span class=\"HwtZe\" lang=\"et\"><span class=\"jCAhz ChMk0b\"><span class=\"ryNqvb\">2.8 Sunset Sapphire<\/span><\/span><\/span> sirgendaja ja lokitangiga \u2013 see on loodud vaevata sirgendamiseks ja veatute lokkide tegemiseks. Kiire kuumenemisega kuni 240\u00b0C-ni vaid 30 sekundiga tagab see sirgendaja iga libisemisega siledad ja terve v\u00e4limusega juuksed. Grafeenkeraamiline glasuurplaat tagab \u00fchtlase soojuse jaotumise, v\u00e4hendades stiliseerimisaega ja suurendades samal ajal l\u00e4iget. Lisaks v\u00f5imaldavad reguleeritavad ujuvad plaadid teil t\u00e4psete stiliseerimistulemuste saavutamiseks plaatide vahet korrigeerida.<\/p>\n<p><strong>Tehnilised andmed:<\/strong><\/p>\n<p>&#8211; 220-240 V, 50\/60 Hz, 55 W<br \/>\n&#8211; \u00fclikiire kuumenemine ( 180\u00b0C 14 sekundiga ja 240\u00b0C 30 sekundiga )<br \/>\n&#8211; digitaalne temperatuuri reguleerimine: 180\u00b0C kuni 240\u00b0C<br \/>\n&#8211; m\u00e4lufunktsioon: m\u00e4letab teie eelistatud temperatuuri<br \/>\n&#8211; grafeenkattega keraamilised plaadid: 25 x 110 mm<br \/>\n&#8211; reguleeritavad ujuvad plaadid: plaatide vahet on v\u00f5imalik muuta<br \/>\n&#8211; topelt keraamiline k\u00fcttekeha<br \/>\n&#8211; automaatne v\u00e4ljal\u00fclitus 60 min. m\u00f6\u00f6dumisel<br \/>\n&#8211; kaal: 285 g ( ilma juhtmeta )<br \/>\n&#8211; 360\u00b0 p\u00f6\u00f6rlev juhe: u. 3 m<\/p>\n<p>Tootja: Guang Zhou Eagle Fortress Hair Products Ltd., China<\/p>\n<p>&nbsp;<\/p>\n<p>&nbsp;<\/p>\n","protected":false},"excerpt":{"rendered":"<p>Kitsaste plaatidega JRL 2.8 Sunset Sapphire sirgendaja ja lokitangid. Kogege parimat m\u00f5lemast maailmast JRL 2.8 Sunset Sapphire sirgendaja ja lokitangiga \u2013 see on loodud vaevata sirgendamiseks ja veatute lokkide tegemiseks. Kiire kuumenemisega kuni 240\u00b0C-ni vaid 30 sekundiga tagab see sirgendaja iga libisemisega siledad ja terve v\u00e4limusega juuksed. Grafeenkeraamiline glasuurplaat tagab \u00fchtlase soojuse jaotumise, v\u00e4hendades stiliseerimisaega [&hellip;]<\/p>\n","protected":false},"featured_media":15793,"comment_status":"closed","ping_status":"closed","template":"","meta":[],"product_cat":[792,712,401,280,338],"product_tag":[],"class_list":{"0":"post-15792","1":"product","2":"type-product","3":"status-publish","4":"has-post-thumbnail","6":"product_cat-uued-tooted","7":"product_cat-jrl-professional","8":"product_cat-juuksuri-tarvikud","9":"product_cat-elektrilised-toovahendid","10":"product_cat-sirgendajad","12":"first","13":"instock","14":"taxable","15":"shipping-taxable","16":"purchasable","17":"product-type-simple"},"_links":{"self":[{"href":"https:\/\/saxsim.ee\/swp\/wp-json\/wp\/v2\/product\/15792"}],"collection":[{"href":"https:\/\/saxsim.ee\/swp\/wp-json\/wp\/v2\/product"}],"about":[{"href":"https:\/\/saxsim.ee\/swp\/wp-json\/wp\/v2\/types\/product"}],"replies":[{"embeddable":true,"href":"https:\/\/saxsim.ee\/swp\/wp-json\/wp\/v2\/comments?post=15792"}],"wp:featuredmedia":[{"embeddable":true,"href":"https:\/\/saxsim.ee\/swp\/wp-json\/wp\/v2\/media\/15793"}],"wp:attachment":[{"href":"https:\/\/saxsim.ee\/swp\/wp-json\/wp\/v2\/media?parent=15792"}],"wp:term":[{"taxonomy":"product_cat","embeddable":true,"href":"https:\/\/saxsim.ee\/swp\/wp-json\/wp\/v2\/product_cat?post=15792"},{"taxonomy":"product_tag","embeddable":true,"href":"https:\/\/saxsim.ee\/swp\/wp-json\/wp\/v2\/product_tag?post=15792"}],"curies":[{"name":"wp","href":"https:\/\/api.w.org\/{rel}","templated":true}]}}