{"id":15741,"date":"2026-03-15T15:14:51","date_gmt":"2026-03-15T13:14:51","guid":{"rendered":"https:\/\/saxsim.ee\/swp\/?post_type=product&#038;p=15741"},"modified":"2026-03-15T15:21:51","modified_gmt":"2026-03-15T13:21:51","slug":"wahl-professional-chromstyle-clipper-loikusmasin-2","status":"publish","type":"product","link":"https:\/\/saxsim.ee\/swp\/product\/wahl-professional-chromstyle-clipper-loikusmasin-2\/","title":{"rendered":"Wahl Professional ChromStyle Clipper &#8211; l\u00f5ikusmasin"},"content":{"rendered":"<p><span style=\"font-size: 18px;\"><strong><span style=\"color: #000000;\">Wahl Professional ChromStyle Clipper<\/span><\/strong><\/span><\/p>\n<p>Vaikne, juhtme\/juhtmeta, juuksel\u00f5ikusmasin professionaalseks kasutamiseks.\u00a0LED idikaatortuled kuvavad aku laetuse taset ja annavad m\u00e4rku, kui aku vajab laadimist.\u00a0Erinevad helisignaalid teavitavad laadimise alustamisest ja l\u00f5petamisest. Hoiatusheli \u00fclekoormuse eest.<\/p>\n<p><strong>Tehnilised andmed:<\/strong><\/p>\n<p>Li-Ion aku<br \/>\nmootor: DC, kiirus 5000 p\/min<br \/>\n100\u2013240 V, 50\u201360 Hz<br \/>\nm\u00f5\u00f5tmed: 178*46*50 mm<br \/>\nakutoitel t\u00f6\u00f6tab &#8211; 90 min.<br \/>\naku laadimisaeg &#8211; 60 min.<br \/>\nl\u00f5iketera pikkuse reguleerimine ( 0,7 &#8211; 3,0 mm. )<br \/>\nkaal &#8211; 290 g.<br \/>\njuhe &#8211; 3,0 m.<br \/>\nindikaatortuled\u00a0aku laetusastme kuvamiseks<\/p>\n<p><strong>Komplektis:<\/strong><\/p>\n<p>1 Magic Blade II ( laius &#8211; 46 mm. )<br \/>\n4 erinevat l\u00f5ikustalda ( 3 mm.\/6 mm.\/9 mm.\/12 mm. )<br \/>\nlaadimisalus koos juhtmega<br \/>\npuhastushari<br \/>\nmasina\u00f5li<\/p>\n","protected":false},"excerpt":{"rendered":"<p>Wahl Professional ChromStyle Clipper Vaikne, juhtme\/juhtmeta, juuksel\u00f5ikusmasin professionaalseks kasutamiseks.\u00a0LED idikaatortuled kuvavad aku laetuse taset ja annavad m\u00e4rku, kui aku vajab laadimist.\u00a0Erinevad helisignaalid teavitavad laadimise alustamisest ja l\u00f5petamisest. Hoiatusheli \u00fclekoormuse eest. Tehnilised andmed: Li-Ion aku mootor: DC, kiirus 5000 p\/min 100\u2013240 V, 50\u201360 Hz m\u00f5\u00f5tmed: 178*46*50 mm akutoitel t\u00f6\u00f6tab &#8211; 90 min. aku laadimisaeg &#8211; 60 [&hellip;]<\/p>\n","protected":false},"featured_media":15742,"comment_status":"closed","ping_status":"closed","template":"","meta":[],"product_cat":[866,792,401,280,286],"product_tag":[],"class_list":{"0":"post-15741","1":"product","2":"type-product","3":"status-publish","4":"has-post-thumbnail","6":"product_cat-wahl-professional","7":"product_cat-uued-tooted","8":"product_cat-juuksuri-tarvikud","9":"product_cat-elektrilised-toovahendid","10":"product_cat-loikusmasinad-ja-trimmerid","12":"first","13":"instock","14":"taxable","15":"shipping-taxable","16":"purchasable","17":"product-type-simple"},"_links":{"self":[{"href":"https:\/\/saxsim.ee\/swp\/wp-json\/wp\/v2\/product\/15741"}],"collection":[{"href":"https:\/\/saxsim.ee\/swp\/wp-json\/wp\/v2\/product"}],"about":[{"href":"https:\/\/saxsim.ee\/swp\/wp-json\/wp\/v2\/types\/product"}],"replies":[{"embeddable":true,"href":"https:\/\/saxsim.ee\/swp\/wp-json\/wp\/v2\/comments?post=15741"}],"wp:featuredmedia":[{"embeddable":true,"href":"https:\/\/saxsim.ee\/swp\/wp-json\/wp\/v2\/media\/15742"}],"wp:attachment":[{"href":"https:\/\/saxsim.ee\/swp\/wp-json\/wp\/v2\/media?parent=15741"}],"wp:term":[{"taxonomy":"product_cat","embeddable":true,"href":"https:\/\/saxsim.ee\/swp\/wp-json\/wp\/v2\/product_cat?post=15741"},{"taxonomy":"product_tag","embeddable":true,"href":"https:\/\/saxsim.ee\/swp\/wp-json\/wp\/v2\/product_tag?post=15741"}],"curies":[{"name":"wp","href":"https:\/\/api.w.org\/{rel}","templated":true}]}}