{"id":15649,"date":"2026-02-17T10:48:59","date_gmt":"2026-02-17T08:48:59","guid":{"rendered":"https:\/\/saxsim.ee\/swp\/?post_type=product&#038;p=15649"},"modified":"2026-02-17T16:46:03","modified_gmt":"2026-02-17T14:46:03","slug":"ds-repair-shampoo-250-ml-toodeldud-juustele","status":"publish","type":"product","link":"https:\/\/saxsim.ee\/swp\/product\/ds-repair-shampoo-250-ml-toodeldud-juustele\/","title":{"rendered":"DS Repair Shampoo 250 ml. &#8211; t\u00f6\u00f6deldud juustele"},"content":{"rendered":"<p>L\u00f5hnastamata, sulfaadivaba taastav \u0161ampoon t\u00f6\u00f6deldud juustele. Tugevdab juukseid, niisutab ja hoiab \u00e4ra juuste murdumise. Muudab juuksed l\u00e4ikivateks, kohevateks ja elavateks. Sisaldab UV- ja v\u00e4rvikaitset. Vegan.<\/p>\n<p>&#8211; Taastav \u0161ampoon kahjustatud juustele<br \/>\n&#8211; Sisaldab UV- ja v\u00e4rvikaitset<br \/>\n&#8211; Ei sisalda sulfaate ega silikoone<br \/>\n&#8211; Dermatoloogiliselt testitud tundlikul nahal<br \/>\n&#8211; L\u00f5hnastamata ja vegan<\/p>\n<p>\u00d5rn ja hooldav \u0161ampoon, mis parandab juuste struktuuri, hoiab \u00e4ra v\u00e4rvi tuhmumise, silub juuksepinda ja hoiab \u00e4ra edasise kahjustumise. Aitab juuksev\u00e4rvi kauem erksana hoida, seega sobib see ideaalselt v\u00e4rvitud juustele. Pesukogemus on hooldav, kuid ei tee juukseid raskeks, seega sobib toode ka peenematele t\u00f6\u00f6deldud juustele.<\/p>\n<p><strong>Kasutamine: <\/strong>Kanna \u0161ampoon niisketesse juustesse, aja vahule ja loputa hoolikalt.<\/p>\n<p>pH: 5,0<\/p>\n<p><strong>DS Repair Shampoo on saadaval ka suuruses 1000 ml.<\/strong><\/p>\n","protected":false},"excerpt":{"rendered":"<p>L\u00f5hnastamata, sulfaadivaba taastav \u0161ampoon t\u00f6\u00f6deldud juustele. Tugevdab juukseid, niisutab ja hoiab \u00e4ra juuste murdumise. Muudab juuksed l\u00e4ikivateks, kohevateks ja elavateks. Sisaldab UV- ja v\u00e4rvikaitset. Vegan. &#8211; Taastav \u0161ampoon kahjustatud juustele &#8211; Sisaldab UV- ja v\u00e4rvikaitset &#8211; Ei sisalda sulfaate ega silikoone &#8211; Dermatoloogiliselt testitud tundlikul nahal &#8211; L\u00f5hnastamata ja vegan \u00d5rn ja hooldav \u0161ampoon, mis [&hellip;]<\/p>\n","protected":false},"featured_media":15650,"comment_status":"closed","ping_status":"closed","template":"","meta":[],"product_cat":[792,728,395,659],"product_tag":[],"class_list":{"0":"post-15649","1":"product","2":"type-product","3":"status-publish","4":"has-post-thumbnail","6":"product_cat-uued-tooted","7":"product_cat-ds","8":"product_cat-juuksed","9":"product_cat-sampoonid","11":"first","12":"instock","13":"taxable","14":"shipping-taxable","15":"purchasable","16":"product-type-simple"},"_links":{"self":[{"href":"https:\/\/saxsim.ee\/swp\/wp-json\/wp\/v2\/product\/15649"}],"collection":[{"href":"https:\/\/saxsim.ee\/swp\/wp-json\/wp\/v2\/product"}],"about":[{"href":"https:\/\/saxsim.ee\/swp\/wp-json\/wp\/v2\/types\/product"}],"replies":[{"embeddable":true,"href":"https:\/\/saxsim.ee\/swp\/wp-json\/wp\/v2\/comments?post=15649"}],"wp:featuredmedia":[{"embeddable":true,"href":"https:\/\/saxsim.ee\/swp\/wp-json\/wp\/v2\/media\/15650"}],"wp:attachment":[{"href":"https:\/\/saxsim.ee\/swp\/wp-json\/wp\/v2\/media?parent=15649"}],"wp:term":[{"taxonomy":"product_cat","embeddable":true,"href":"https:\/\/saxsim.ee\/swp\/wp-json\/wp\/v2\/product_cat?post=15649"},{"taxonomy":"product_tag","embeddable":true,"href":"https:\/\/saxsim.ee\/swp\/wp-json\/wp\/v2\/product_tag?post=15649"}],"curies":[{"name":"wp","href":"https:\/\/api.w.org\/{rel}","templated":true}]}}