{"id":15593,"date":"2026-02-08T11:11:51","date_gmt":"2026-02-08T09:11:51","guid":{"rendered":"https:\/\/saxsim.ee\/swp\/?post_type=product&#038;p=15593"},"modified":"2026-02-09T08:14:27","modified_gmt":"2026-02-09T06:14:27","slug":"eti-stile-digital-plus-hair-dryer-black-kasifoon","status":"publish","type":"product","link":"https:\/\/saxsim.ee\/swp\/product\/eti-stile-digital-plus-hair-dryer-black-kasifoon\/","title":{"rendered":"ETI Stile Digital Plus Hair Dryer, Black &#8211; k\u00e4sif\u00f6\u00f6n"},"content":{"rendered":"<p>ETI Stile Digital Plus f\u00f6\u00f6ni v\u00f5imas mootor ja \u00f5huvoolu kiirus v\u00f5imaldavad kiiret kuivatamist ja stiliseerimist igat t\u00fc\u00fcpi juustele.<\/p>\n<p><strong>Tehnilised andmed:<\/strong><br \/>\n&#8211; \u00f5huvool: 114 m\u00b3\/h<br \/>\n&#8211; 2500 W<br \/>\n&#8211; digitaalne harjadeta mootor<br \/>\n&#8211; integreeritud summuti<br \/>\n&#8211; 2 kiirust<br \/>\n&#8211; 4 kuumusastet<br \/>\n&#8211; k\u00fclma \u00f5huvoo nupp<br \/>\n&#8211; 2 \u00f5husuunajat<br \/>\n&#8211; kaal: 402 g<br \/>\n&#8211; juhe: 3,0 m<\/p>\n<p>Tootja: Italy<\/p>\n","protected":false},"excerpt":{"rendered":"<p>ETI Stile Digital Plus f\u00f6\u00f6ni v\u00f5imas mootor ja \u00f5huvoolu kiirus v\u00f5imaldavad kiiret kuivatamist ja stiliseerimist igat t\u00fc\u00fcpi juustele. Tehnilised andmed: &#8211; \u00f5huvool: 114 m\u00b3\/h &#8211; 2500 W &#8211; digitaalne harjadeta mootor &#8211; integreeritud summuti &#8211; 2 kiirust &#8211; 4 kuumusastet &#8211; k\u00fclma \u00f5huvoo nupp &#8211; 2 \u00f5husuunajat &#8211; kaal: 402 g &#8211; juhe: 3,0 m [&hellip;]<\/p>\n","protected":false},"featured_media":15598,"comment_status":"closed","ping_status":"closed","template":"","meta":[],"product_cat":[792,711,401,280,285],"product_tag":[],"class_list":{"0":"post-15593","1":"product","2":"type-product","3":"status-publish","4":"has-post-thumbnail","6":"product_cat-uued-tooted","7":"product_cat-eti","8":"product_cat-juuksuri-tarvikud","9":"product_cat-elektrilised-toovahendid","10":"product_cat-kasifoonid","12":"first","13":"instock","14":"taxable","15":"shipping-taxable","16":"purchasable","17":"product-type-simple"},"_links":{"self":[{"href":"https:\/\/saxsim.ee\/swp\/wp-json\/wp\/v2\/product\/15593"}],"collection":[{"href":"https:\/\/saxsim.ee\/swp\/wp-json\/wp\/v2\/product"}],"about":[{"href":"https:\/\/saxsim.ee\/swp\/wp-json\/wp\/v2\/types\/product"}],"replies":[{"embeddable":true,"href":"https:\/\/saxsim.ee\/swp\/wp-json\/wp\/v2\/comments?post=15593"}],"wp:featuredmedia":[{"embeddable":true,"href":"https:\/\/saxsim.ee\/swp\/wp-json\/wp\/v2\/media\/15598"}],"wp:attachment":[{"href":"https:\/\/saxsim.ee\/swp\/wp-json\/wp\/v2\/media?parent=15593"}],"wp:term":[{"taxonomy":"product_cat","embeddable":true,"href":"https:\/\/saxsim.ee\/swp\/wp-json\/wp\/v2\/product_cat?post=15593"},{"taxonomy":"product_tag","embeddable":true,"href":"https:\/\/saxsim.ee\/swp\/wp-json\/wp\/v2\/product_tag?post=15593"}],"curies":[{"name":"wp","href":"https:\/\/api.w.org\/{rel}","templated":true}]}}