{"id":1535,"date":"2020-04-18T18:00:20","date_gmt":"2020-04-18T15:00:20","guid":{"rendered":"https:\/\/www.saxsim.ee\/swp\/toode\/antibac-500-ml\/"},"modified":"2025-11-25T09:39:32","modified_gmt":"2025-11-25T07:39:32","slug":"antibac-500-ml","status":"publish","type":"product","link":"https:\/\/saxsim.ee\/swp\/product\/antibac-500-ml\/","title":{"rendered":"Antibac 500 ml &#8211; k\u00e4te desinfitseerimisgeel"},"content":{"rendered":"<p>Ilma veeta, t\u00f5hus k\u00e4te\u00a0desinfitseerimisgeel. Ei kuivata nahka ega j\u00e4ta k\u00e4si kleepuvateks.<\/p>\n<p>Hea k\u00e4teh\u00fcgieeni v\u00e4hendab \u00a0t\u00f5husalt\u00a0erinevate mikroobide poolt\u00a0p\u00f5hjustatud infektsiooniriske.<\/p>\n<p><span class=\"label label-primary\">Perfume free<\/span> <span class=\"label label-primary\">Colorant free<\/span><\/p>\n<p><strong>Kasutamine: <\/strong>Kanna\u00a0kuivadele k\u00e4tele 3-5 ml nii, et kogu\u00a0k\u00e4ed (sh. s\u00f5rmede vahed ja s\u00f5rmeotsad) on desinfitseerimisgeeliga kaetud. Masseeri v\u00e4hemalt 30 sekundit kuni alkohol on aurustunud.<\/p>\n<p>Sisaldab etanooli 70%. V\u00e4ga tuleohtlik! Hoida pudelit lahtise tule eest ning kindlalt suletuna, l\u00e4heduses mitte suitsetada!\u00a0 Hoida lastele k\u00e4ttesaamatus kohas! Biotsiidi reg.nr. 1031\/12<\/p>\n<p>&nbsp;<\/p>\n","protected":false},"excerpt":{"rendered":"<p>Ilma veeta, t\u00f5hus k\u00e4te\u00a0desinfitseerimisgeel. Ei kuivata nahka ega j\u00e4ta k\u00e4si kleepuvateks. Hea k\u00e4teh\u00fcgieeni v\u00e4hendab \u00a0t\u00f5husalt\u00a0erinevate mikroobide poolt\u00a0p\u00f5hjustatud infektsiooniriske. Perfume free Colorant free Kasutamine: Kanna\u00a0kuivadele k\u00e4tele 3-5 ml nii, et kogu\u00a0k\u00e4ed (sh. s\u00f5rmede vahed ja s\u00f5rmeotsad) on desinfitseerimisgeeliga kaetud. Masseeri v\u00e4hemalt 30 sekundit kuni alkohol on aurustunud. Sisaldab etanooli 70%. V\u00e4ga tuleohtlik! Hoida pudelit lahtise tule [&hellip;]<\/p>\n","protected":false},"featured_media":1536,"comment_status":"closed","ping_status":"closed","template":"","meta":[],"product_cat":[266,97,600,578,599],"product_tag":[],"class_list":{"0":"post-1535","1":"product","2":"type-product","3":"status-publish","4":"has-post-thumbnail","6":"product_cat-antibac","7":"product_cat-nagu-ja-keha","8":"product_cat-puhastus-ja-desinfektsioonivahendid-iluteenindaja-tarvikud","9":"product_cat-antibac-iluteenindajale","10":"product_cat-puhastus-ja-desinfektsioonivahendid","12":"first","13":"instock","14":"taxable","15":"shipping-taxable","16":"purchasable","17":"product-type-simple"},"_links":{"self":[{"href":"https:\/\/saxsim.ee\/swp\/wp-json\/wp\/v2\/product\/1535"}],"collection":[{"href":"https:\/\/saxsim.ee\/swp\/wp-json\/wp\/v2\/product"}],"about":[{"href":"https:\/\/saxsim.ee\/swp\/wp-json\/wp\/v2\/types\/product"}],"replies":[{"embeddable":true,"href":"https:\/\/saxsim.ee\/swp\/wp-json\/wp\/v2\/comments?post=1535"}],"wp:featuredmedia":[{"embeddable":true,"href":"https:\/\/saxsim.ee\/swp\/wp-json\/wp\/v2\/media\/1536"}],"wp:attachment":[{"href":"https:\/\/saxsim.ee\/swp\/wp-json\/wp\/v2\/media?parent=1535"}],"wp:term":[{"taxonomy":"product_cat","embeddable":true,"href":"https:\/\/saxsim.ee\/swp\/wp-json\/wp\/v2\/product_cat?post=1535"},{"taxonomy":"product_tag","embeddable":true,"href":"https:\/\/saxsim.ee\/swp\/wp-json\/wp\/v2\/product_tag?post=1535"}],"curies":[{"name":"wp","href":"https:\/\/api.w.org\/{rel}","templated":true}]}}