{"id":15333,"date":"2025-11-26T08:51:03","date_gmt":"2025-11-26T06:51:03","guid":{"rendered":"https:\/\/saxsim.ee\/swp\/?post_type=product&#038;p=15333"},"modified":"2025-12-04T09:24:19","modified_gmt":"2025-12-04T07:24:19","slug":"jrl-5-in-1-blade-spray-400-ml-masinaterade-hooldusvahend","status":"publish","type":"product","link":"https:\/\/saxsim.ee\/swp\/product\/jrl-5-in-1-blade-spray-400-ml-masinaterade-hooldusvahend\/","title":{"rendered":"JRL 5 in 1 Blade Spray 400 ml. &#8211; masinaterade hooldusvahend"},"content":{"rendered":"<p>Suure efektiivsusega JRL 5-in-1 hooldussprei tagab juuksel\u00f5ikusmasina terade otsese jahutamise, m\u00e4\u00e4rimise ja puhastamise ning suurep\u00e4rase kaitse korrosiooni ja rooste eest.<\/p>\n<p>Hoidke oma juuksel\u00f5ikusmasin parimas seisukorras JRL Blade Sprei 5-in-1 abil. See professionaalse kvaliteediga sprei sisaldab k\u00f5ike, mida vajate, et teie juuksel\u00f5ikusmasina terad p\u00fcsiksid teravad, puhtad ja kasutusvalmis. Pihustage enne ja p\u00e4rast kasutamist otse teradele, et s\u00e4ilitada puhtus, t\u00e4psus ja ohutus. Ideaalne nii juuksuritele kui ka kodukasutajatele. Valige JRL 5-in-1 teradele m\u00f5eldud sprei ja hoolitsege oma juuksel\u00f5ikusmasinate eest, mida nad v\u00e4\u00e4rivad.<\/p>\n<p><strong>Eelised:<\/strong><br \/>\n&#8211; Jahutus: Hoiab \u00e4ra terade \u00fclekuumenemise kasutamise ajal.<br \/>\n&#8211; Puhastamine: Eemaldab t\u00f5husalt karvad ja mustuse.<br \/>\n&#8211; M\u00e4\u00e4rimine: Tagab terade sujuva ja t\u00e4pse liikumise.<br \/>\n&#8211; Roostekaitse: Hoiab terad korrosioonivabad pikaajalise j\u00f5udluse tagamiseks.<\/p>\n<p><strong>Kasutamine:<\/strong> Kasuta enne j\u00e4rgmist klienti v\u00f5i vajadusel ka t\u00f6\u00f6 k\u00e4igus. Hoia ballooni vertikaalselt ja pihusta hooldusvahendit peale igat t\u00f6\u00f6d 15-20 cm kauguselt teradele.<\/p>\n<p>Komplektis: pikk t\u00e4ppisotsik<\/p>\n<p>\u00d5igesti hooldatud t\u00f6\u00f6vahend pikendab tema t\u00f6\u00f6iga.<\/p>\n","protected":false},"excerpt":{"rendered":"<p>Suure efektiivsusega JRL 5-in-1 hooldussprei tagab juuksel\u00f5ikusmasina terade otsese jahutamise, m\u00e4\u00e4rimise ja puhastamise ning suurep\u00e4rase kaitse korrosiooni ja rooste eest. Hoidke oma juuksel\u00f5ikusmasin parimas seisukorras JRL Blade Sprei 5-in-1 abil. See professionaalse kvaliteediga sprei sisaldab k\u00f5ike, mida vajate, et teie juuksel\u00f5ikusmasina terad p\u00fcsiksid teravad, puhtad ja kasutusvalmis. Pihustage enne ja p\u00e4rast kasutamist otse teradele, et [&hellip;]<\/p>\n","protected":false},"featured_media":15391,"comment_status":"closed","ping_status":"closed","template":"","meta":[],"product_cat":[792,712,401,599,286],"product_tag":[],"class_list":{"0":"post-15333","1":"product","2":"type-product","3":"status-publish","4":"has-post-thumbnail","6":"product_cat-uued-tooted","7":"product_cat-jrl-professional","8":"product_cat-juuksuri-tarvikud","9":"product_cat-puhastus-ja-desinfektsioonivahendid","10":"product_cat-loikusmasinad-ja-trimmerid","12":"first","13":"instock","14":"taxable","15":"shipping-taxable","16":"purchasable","17":"product-type-simple"},"_links":{"self":[{"href":"https:\/\/saxsim.ee\/swp\/wp-json\/wp\/v2\/product\/15333"}],"collection":[{"href":"https:\/\/saxsim.ee\/swp\/wp-json\/wp\/v2\/product"}],"about":[{"href":"https:\/\/saxsim.ee\/swp\/wp-json\/wp\/v2\/types\/product"}],"replies":[{"embeddable":true,"href":"https:\/\/saxsim.ee\/swp\/wp-json\/wp\/v2\/comments?post=15333"}],"wp:featuredmedia":[{"embeddable":true,"href":"https:\/\/saxsim.ee\/swp\/wp-json\/wp\/v2\/media\/15391"}],"wp:attachment":[{"href":"https:\/\/saxsim.ee\/swp\/wp-json\/wp\/v2\/media?parent=15333"}],"wp:term":[{"taxonomy":"product_cat","embeddable":true,"href":"https:\/\/saxsim.ee\/swp\/wp-json\/wp\/v2\/product_cat?post=15333"},{"taxonomy":"product_tag","embeddable":true,"href":"https:\/\/saxsim.ee\/swp\/wp-json\/wp\/v2\/product_tag?post=15333"}],"curies":[{"name":"wp","href":"https:\/\/api.w.org\/{rel}","templated":true}]}}