{"id":15142,"date":"2025-09-27T14:11:17","date_gmt":"2025-09-27T11:11:17","guid":{"rendered":"https:\/\/saxsim.ee\/swp\/?post_type=product&#038;p=15142"},"modified":"2025-09-29T09:36:05","modified_gmt":"2025-09-29T06:36:05","slug":"ultron-borrum-hairdryer-t-shape-1650-2000-w-kasifoon","status":"publish","type":"product","link":"https:\/\/saxsim.ee\/swp\/product\/ultron-borrum-hairdryer-t-shape-1650-2000-w-kasifoon\/","title":{"rendered":"ULTRON Borrum Hairdryer T-shape, 1650-2000 W &#8211; k\u00e4sif\u00f6\u00f6n"},"content":{"rendered":"<p>V\u00f5imsa BLDC mootoriga, T-kujuline k\u00e4sif\u00f6\u00f6n.<\/p>\n<p><strong>Tehnilised andmed:<\/strong><br \/>\n&#8211; 220-240 V, 50\/60 Hz<br \/>\n&#8211; v\u00f5imsus: 1650-2000 W<br \/>\n&#8211; BLDC mootor<br \/>\n&#8211; negatiivsete ioonide generaator<br \/>\n&#8211; max. \u00f5huvoog: 92,46 m\u00b3\/h<br \/>\n&#8211; 3 kiirust<br \/>\n&#8211; 3 kuumusastet<br \/>\n&#8211; k\u00fclma \u00f5huvoo nupp<br \/>\n&#8211; 2 \u00f5husuunajat<br \/>\n&#8211; kaal: 461 g.<br \/>\n&#8211; juhe: 3 m.<\/p>\n<p><strong>V\u00f5imalus juurde osta ULTRON Borrum Diffusor.<\/strong><br \/>\nsaxsim.ee\/swp\/product\/ultron-borrum-diffusor-difuusor\/<\/p>\n","protected":false},"excerpt":{"rendered":"<p>V\u00f5imsa BLDC mootoriga, T-kujuline k\u00e4sif\u00f6\u00f6n. Tehnilised andmed: &#8211; 220-240 V, 50\/60 Hz &#8211; v\u00f5imsus: 1650-2000 W &#8211; BLDC mootor &#8211; negatiivsete ioonide generaator &#8211; max. \u00f5huvoog: 92,46 m\u00b3\/h &#8211; 3 kiirust &#8211; 3 kuumusastet &#8211; k\u00fclma \u00f5huvoo nupp &#8211; 2 \u00f5husuunajat &#8211; kaal: 461 g. &#8211; juhe: 3 m. V\u00f5imalus juurde osta ULTRON Borrum Diffusor. [&hellip;]<\/p>\n","protected":false},"featured_media":15143,"comment_status":"closed","ping_status":"closed","template":"","meta":[],"product_cat":[792,733,401,280,285],"product_tag":[],"class_list":{"0":"post-15142","1":"product","2":"type-product","3":"status-publish","4":"has-post-thumbnail","6":"product_cat-uued-tooted","7":"product_cat-ultron","8":"product_cat-juuksuri-tarvikud","9":"product_cat-elektrilised-toovahendid","10":"product_cat-kasifoonid","12":"first","13":"instock","14":"taxable","15":"shipping-taxable","16":"purchasable","17":"product-type-simple"},"_links":{"self":[{"href":"https:\/\/saxsim.ee\/swp\/wp-json\/wp\/v2\/product\/15142"}],"collection":[{"href":"https:\/\/saxsim.ee\/swp\/wp-json\/wp\/v2\/product"}],"about":[{"href":"https:\/\/saxsim.ee\/swp\/wp-json\/wp\/v2\/types\/product"}],"replies":[{"embeddable":true,"href":"https:\/\/saxsim.ee\/swp\/wp-json\/wp\/v2\/comments?post=15142"}],"wp:featuredmedia":[{"embeddable":true,"href":"https:\/\/saxsim.ee\/swp\/wp-json\/wp\/v2\/media\/15143"}],"wp:attachment":[{"href":"https:\/\/saxsim.ee\/swp\/wp-json\/wp\/v2\/media?parent=15142"}],"wp:term":[{"taxonomy":"product_cat","embeddable":true,"href":"https:\/\/saxsim.ee\/swp\/wp-json\/wp\/v2\/product_cat?post=15142"},{"taxonomy":"product_tag","embeddable":true,"href":"https:\/\/saxsim.ee\/swp\/wp-json\/wp\/v2\/product_tag?post=15142"}],"curies":[{"name":"wp","href":"https:\/\/api.w.org\/{rel}","templated":true}]}}