{"id":14943,"date":"2025-08-08T10:52:44","date_gmt":"2025-08-08T07:52:44","guid":{"rendered":"https:\/\/saxsim.ee\/swp\/?post_type=product&#038;p=14943"},"modified":"2025-08-08T11:11:43","modified_gmt":"2025-08-08T08:11:43","slug":"heo-helsinki-cleansing-conditioner-300-ml-pesev-palsam-toodeldud-juustele","status":"publish","type":"product","link":"https:\/\/saxsim.ee\/swp\/product\/heo-helsinki-cleansing-conditioner-300-ml-pesev-palsam-toodeldud-juustele\/","title":{"rendered":"He\u00f6 Helsinki Cleansing Conditioner 300 ml. &#8211; pesev palsam t\u00f6\u00f6deldud juustele"},"content":{"rendered":"<p>He\u00f6 Helsinki Cleansing Conditioner on pesev, sulfaadivaba, \u00f5rnalt puhastav, juukseid ja peanahka niisutav, ning juusepusasid harutav palsam t\u00f6\u00f6deldud juustele. Asenda iga teine pesukord peseva palsamiga. Suurep\u00e4rane toode sportlastele! Pesev palsam teeb teie kiire elu lihtsamaks.<\/p>\n<p><strong><u>Kasutamine<\/u>:<\/strong> Kandke niisketele juustele, samaaegselt peanahka masseerides. Loputage hoolikalt.<\/p>\n","protected":false},"excerpt":{"rendered":"<p>He\u00f6 Helsinki Cleansing Conditioner on pesev, sulfaadivaba, \u00f5rnalt puhastav, juukseid ja peanahka niisutav, ning juusepusasid harutav palsam t\u00f6\u00f6deldud juustele. Asenda iga teine pesukord peseva palsamiga. Suurep\u00e4rane toode sportlastele! Pesev palsam teeb teie kiire elu lihtsamaks. Kasutamine: Kandke niisketele juustele, samaaegselt peanahka masseerides. Loputage hoolikalt.<\/p>\n","protected":false},"featured_media":14944,"comment_status":"closed","ping_status":"closed","template":"","meta":[],"product_cat":[792,865,395,660],"product_tag":[],"class_list":{"0":"post-14943","1":"product","2":"type-product","3":"status-publish","4":"has-post-thumbnail","6":"product_cat-uued-tooted","7":"product_cat-heo-helsinki","8":"product_cat-juuksed","9":"product_cat-palsamid","11":"first","12":"instock","13":"taxable","14":"shipping-taxable","15":"purchasable","16":"product-type-simple"},"_links":{"self":[{"href":"https:\/\/saxsim.ee\/swp\/wp-json\/wp\/v2\/product\/14943"}],"collection":[{"href":"https:\/\/saxsim.ee\/swp\/wp-json\/wp\/v2\/product"}],"about":[{"href":"https:\/\/saxsim.ee\/swp\/wp-json\/wp\/v2\/types\/product"}],"replies":[{"embeddable":true,"href":"https:\/\/saxsim.ee\/swp\/wp-json\/wp\/v2\/comments?post=14943"}],"wp:featuredmedia":[{"embeddable":true,"href":"https:\/\/saxsim.ee\/swp\/wp-json\/wp\/v2\/media\/14944"}],"wp:attachment":[{"href":"https:\/\/saxsim.ee\/swp\/wp-json\/wp\/v2\/media?parent=14943"}],"wp:term":[{"taxonomy":"product_cat","embeddable":true,"href":"https:\/\/saxsim.ee\/swp\/wp-json\/wp\/v2\/product_cat?post=14943"},{"taxonomy":"product_tag","embeddable":true,"href":"https:\/\/saxsim.ee\/swp\/wp-json\/wp\/v2\/product_tag?post=14943"}],"curies":[{"name":"wp","href":"https:\/\/api.w.org\/{rel}","templated":true}]}}