{"id":14476,"date":"2025-04-09T08:39:51","date_gmt":"2025-04-09T05:39:51","guid":{"rendered":"https:\/\/saxsim.ee\/swp\/?post_type=product&#038;p=14476"},"modified":"2025-04-09T08:58:13","modified_gmt":"2025-04-09T05:58:13","slug":"cera-ir-hot-styling-brush-elektriline-rullhari-38-mm","status":"publish","type":"product","link":"https:\/\/saxsim.ee\/swp\/product\/cera-ir-hot-styling-brush-elektriline-rullhari-38-mm\/","title":{"rendered":"Cera IR Hot Styling Brush &#8211; elektriline rullhari 38 mm"},"content":{"rendered":"<p>Cera IR Hot Styling Brush on 2 in 1 kuumenev rullhari, mis annab l\u00f5putult v\u00f5imalusi soengute tegemiseks. Infrapunatehnoloogia soojendab juukseid \u00f5rnalt seestpoolt ja lukustab loomuliku niiskuse. See minimeerib juuste kahjustusi.<\/p>\n<p><strong>Tehnilised andmed:<\/strong><\/p>\n<p><span class=\"HwtZe\" lang=\"et\"><span class=\"jCAhz ChMk0b\"><span class=\"ryNqvb\">Infrapunatehnoloogia<\/span><\/span><\/span><\/p>\n<p>ION tehnoloogia<\/p>\n<p>2 in 1 kvaliteet<\/p>\n<p>mittekuumenev ots<\/p>\n<p>automaatne v\u00e4ljal\u00fclitus 60 min. p\u00e4rast<\/p>\n<p>t\u00f6\u00f6temperatuur \u2013 130\u00b0C &#8211; 230\u00b0C, digitaalselt reguleeritav<\/p>\n<p>keraamiline <span class=\"HwtZe\" lang=\"et\"><span class=\"jCAhz ChMk0b\"><span class=\"ryNqvb\">ja turmaliinkattega<\/span><\/span><\/span> kuumenev pind, kuumakindlate nailonpiidega<\/p>\n<p>kaal \u2013 220 g.<\/p>\n<p>p\u00f6\u00f6rlev juhe \u2013 3,0 m<\/p>\n<p>saadaval suurused &#8211;\u00a0 32 mm, 38 mm ja 45 mm<\/p>\n","protected":false},"excerpt":{"rendered":"<p>Cera IR Hot Styling Brush on 2 in 1 kuumenev rullhari, mis annab l\u00f5putult v\u00f5imalusi soengute tegemiseks. Infrapunatehnoloogia soojendab juukseid \u00f5rnalt seestpoolt ja lukustab loomuliku niiskuse. See minimeerib juuste kahjustusi. Tehnilised andmed: Infrapunatehnoloogia ION tehnoloogia 2 in 1 kvaliteet mittekuumenev ots automaatne v\u00e4ljal\u00fclitus 60 min. p\u00e4rast t\u00f6\u00f6temperatuur \u2013 130\u00b0C &#8211; 230\u00b0C, digitaalselt reguleeritav keraamiline ja [&hellip;]<\/p>\n","protected":false},"featured_media":14477,"comment_status":"closed","ping_status":"closed","template":"","meta":[],"product_cat":[710,401,280,282],"product_tag":[],"class_list":{"0":"post-14476","1":"product","2":"type-product","3":"status-publish","4":"has-post-thumbnail","6":"product_cat-cera-professional","7":"product_cat-juuksuri-tarvikud","8":"product_cat-elektrilised-toovahendid","9":"product_cat-elektrilised-juukseharjad","11":"first","12":"instock","13":"taxable","14":"shipping-taxable","15":"purchasable","16":"product-type-simple"},"_links":{"self":[{"href":"https:\/\/saxsim.ee\/swp\/wp-json\/wp\/v2\/product\/14476"}],"collection":[{"href":"https:\/\/saxsim.ee\/swp\/wp-json\/wp\/v2\/product"}],"about":[{"href":"https:\/\/saxsim.ee\/swp\/wp-json\/wp\/v2\/types\/product"}],"replies":[{"embeddable":true,"href":"https:\/\/saxsim.ee\/swp\/wp-json\/wp\/v2\/comments?post=14476"}],"wp:featuredmedia":[{"embeddable":true,"href":"https:\/\/saxsim.ee\/swp\/wp-json\/wp\/v2\/media\/14477"}],"wp:attachment":[{"href":"https:\/\/saxsim.ee\/swp\/wp-json\/wp\/v2\/media?parent=14476"}],"wp:term":[{"taxonomy":"product_cat","embeddable":true,"href":"https:\/\/saxsim.ee\/swp\/wp-json\/wp\/v2\/product_cat?post=14476"},{"taxonomy":"product_tag","embeddable":true,"href":"https:\/\/saxsim.ee\/swp\/wp-json\/wp\/v2\/product_tag?post=14476"}],"curies":[{"name":"wp","href":"https:\/\/api.w.org\/{rel}","templated":true}]}}