{"id":1445,"date":"2017-03-14T13:27:01","date_gmt":"2017-03-14T11:27:01","guid":{"rendered":"https:\/\/www.saxsim.ee\/swp\/toode\/argan-care-vitalizing-balm-1000-ml\/"},"modified":"2018-07-26T10:12:47","modified_gmt":"2018-07-26T07:12:47","slug":"argan-care-vitalizing-balm-1000-ml","status":"publish","type":"product","link":"https:\/\/saxsim.ee\/swp\/product\/argan-care-vitalizing-balm-1000-ml\/","title":{"rendered":"Argan Care Vitalizing Balm 1000 ml"},"content":{"rendered":"<p>Puhast looduslikku Argaania\u00f5li sisaldav s\u00fcvaniisutav palsam v\u00e4rvitud, kuivadele, rikutud\u00a0 ja t\u00f6\u00f6deldud juustele. Ravivad koostisained tugevdavad juuksestruktuuri ja elavdavad juukseid seespoolt. Pikendab v\u00e4rvi kestvust, annab juustele kauni l\u00e4ike, teeb nad kergesti kammitavateks ja elastseteks.<\/p>\n<p><strong>Kasutamine;<\/strong> Kanna palsam pestud juustesse, lase m\u00f5juda 3-5 minutit ja loputa korralikult.<\/p>\n<p>&nbsp;<\/p>\n<p><span class=\"label label-primary\">Colorant free<\/span> <span class=\"label label-primary\">UV filter<\/span> <span class=\"label label-primary\">Heat protection<\/span> <span class=\"label label-primary\">Color protection<\/span><\/p>\n","protected":false},"excerpt":{"rendered":"<p>Puhast looduslikku Argaania\u00f5li sisaldav s\u00fcvaniisutav palsam v\u00e4rvitud, kuivadele, rikutud\u00a0 ja t\u00f6\u00f6deldud juustele. Ravivad koostisained tugevdavad juuksestruktuuri ja elavdavad juukseid seespoolt. Pikendab v\u00e4rvi kestvust, annab juustele kauni l\u00e4ike, teeb nad kergesti kammitavateks ja elastseteks. Kasutamine; Kanna palsam pestud juustesse, lase m\u00f5juda 3-5 minutit ja loputa korralikult. &nbsp; Colorant free UV filter Heat protection Color protection<\/p>\n","protected":false},"featured_media":1446,"comment_status":"closed","ping_status":"closed","template":"","meta":[],"product_cat":[107,251,632],"product_tag":[],"class_list":{"0":"post-1445","1":"product","2":"type-product","3":"status-publish","4":"has-post-thumbnail","6":"product_cat-pakkumised","7":"product_cat-lopumuuk","8":"product_cat-argan-care-lopumuuk","10":"first","11":"instock","12":"sale","13":"taxable","14":"shipping-taxable","15":"purchasable","16":"product-type-simple"},"_links":{"self":[{"href":"https:\/\/saxsim.ee\/swp\/wp-json\/wp\/v2\/product\/1445"}],"collection":[{"href":"https:\/\/saxsim.ee\/swp\/wp-json\/wp\/v2\/product"}],"about":[{"href":"https:\/\/saxsim.ee\/swp\/wp-json\/wp\/v2\/types\/product"}],"replies":[{"embeddable":true,"href":"https:\/\/saxsim.ee\/swp\/wp-json\/wp\/v2\/comments?post=1445"}],"wp:featuredmedia":[{"embeddable":true,"href":"https:\/\/saxsim.ee\/swp\/wp-json\/wp\/v2\/media\/1446"}],"wp:attachment":[{"href":"https:\/\/saxsim.ee\/swp\/wp-json\/wp\/v2\/media?parent=1445"}],"wp:term":[{"taxonomy":"product_cat","embeddable":true,"href":"https:\/\/saxsim.ee\/swp\/wp-json\/wp\/v2\/product_cat?post=1445"},{"taxonomy":"product_tag","embeddable":true,"href":"https:\/\/saxsim.ee\/swp\/wp-json\/wp\/v2\/product_tag?post=1445"}],"curies":[{"name":"wp","href":"https:\/\/api.w.org\/{rel}","templated":true}]}}