{"id":14387,"date":"2025-03-27T08:59:39","date_gmt":"2025-03-27T06:59:39","guid":{"rendered":"https:\/\/saxsim.ee\/swp\/?post_type=product&#038;p=14387"},"modified":"2026-05-07T20:40:22","modified_gmt":"2026-05-07T17:40:22","slug":"quiet-1200-1400-w-kasifoon","status":"publish","type":"product","link":"https:\/\/saxsim.ee\/swp\/product\/quiet-1200-1400-w-kasifoon\/","title":{"rendered":"Quiet 1200-1400 W &#8211; k\u00e4sif\u00f6\u00f6n"},"content":{"rendered":"<p>Professionaalne k\u00e4sif\u00f6\u00f6n.<\/p>\n<p><strong>Tehnilised andmed:<\/strong><br \/>\n&#8211; 220-240 V \/\/ 50-60 Hz<br \/>\n&#8211; v\u00f5imsus: 1200-1400 W<br \/>\n&#8211; harjadeta DC mootor<br \/>\n&#8211; 110 000 p\u00f6\u00f6ret minutis<br \/>\n&#8211; ioontehnoloogia<br \/>\n&#8211; vaikne re\u017eiim ( aktiveerimiseks vajutage ja hoidke all temperatuuri reguleerimise nuppu u. 2 sek. )<br \/>\n&#8211; 2 kiirust<br \/>\n&#8211; 3 kuumusastet<br \/>\n&#8211; magnetkinnitusega eemaldatav filter<br \/>\n&#8211; 1 magnetkinnitusega \u00f5husuunaja ( 50&#215;6 mm )<br \/>\n&#8211; \u00f5husuunajat saab kinnitada vertikaalselt v\u00f5i horisontaalselt<br \/>\n&#8211; kaal: 320 g ( ilma juhtmeta )<br \/>\n&#8211; juhe: 3,0 m<\/p>\n<p>Valmistatud: Hiinas<\/p>\n","protected":false},"excerpt":{"rendered":"<p>Professionaalne k\u00e4sif\u00f6\u00f6n. Tehnilised andmed: &#8211; 220-240 V \/\/ 50-60 Hz &#8211; v\u00f5imsus: 1200-1400 W &#8211; harjadeta DC mootor &#8211; 110 000 p\u00f6\u00f6ret minutis &#8211; ioontehnoloogia &#8211; vaikne re\u017eiim ( aktiveerimiseks vajutage ja hoidke all temperatuuri reguleerimise nuppu u. 2 sek. ) &#8211; 2 kiirust &#8211; 3 kuumusastet &#8211; magnetkinnitusega eemaldatav filter &#8211; 1 magnetkinnitusega \u00f5husuunaja [&hellip;]<\/p>\n","protected":false},"featured_media":14452,"comment_status":"closed","ping_status":"closed","template":"","meta":[],"product_cat":[401,280,285],"product_tag":[],"class_list":{"0":"post-14387","1":"product","2":"type-product","3":"status-publish","4":"has-post-thumbnail","6":"product_cat-juuksuri-tarvikud","7":"product_cat-elektrilised-toovahendid","8":"product_cat-kasifoonid","10":"first","11":"instock","12":"taxable","13":"shipping-taxable","14":"purchasable","15":"product-type-simple"},"_links":{"self":[{"href":"https:\/\/saxsim.ee\/swp\/wp-json\/wp\/v2\/product\/14387"}],"collection":[{"href":"https:\/\/saxsim.ee\/swp\/wp-json\/wp\/v2\/product"}],"about":[{"href":"https:\/\/saxsim.ee\/swp\/wp-json\/wp\/v2\/types\/product"}],"replies":[{"embeddable":true,"href":"https:\/\/saxsim.ee\/swp\/wp-json\/wp\/v2\/comments?post=14387"}],"wp:featuredmedia":[{"embeddable":true,"href":"https:\/\/saxsim.ee\/swp\/wp-json\/wp\/v2\/media\/14452"}],"wp:attachment":[{"href":"https:\/\/saxsim.ee\/swp\/wp-json\/wp\/v2\/media?parent=14387"}],"wp:term":[{"taxonomy":"product_cat","embeddable":true,"href":"https:\/\/saxsim.ee\/swp\/wp-json\/wp\/v2\/product_cat?post=14387"},{"taxonomy":"product_tag","embeddable":true,"href":"https:\/\/saxsim.ee\/swp\/wp-json\/wp\/v2\/product_tag?post=14387"}],"curies":[{"name":"wp","href":"https:\/\/api.w.org\/{rel}","templated":true}]}}