{"id":14126,"date":"2025-01-17T13:34:35","date_gmt":"2025-01-17T11:34:35","guid":{"rendered":"https:\/\/saxsim.ee\/swp\/?post_type=product&#038;p=14126"},"modified":"2025-09-03T09:30:33","modified_gmt":"2025-09-03T06:30:33","slug":"ultron-joro-corded-taper-clipper-juukseloikusmasin","status":"publish","type":"product","link":"https:\/\/saxsim.ee\/swp\/product\/ultron-joro-corded-taper-clipper-juukseloikusmasin\/","title":{"rendered":"Ultron Joro Corded Taper Clipper &#8211; juuksel\u00f5ikusmasin"},"content":{"rendered":"<p>Kerge, vaikne, v\u00f5imas,\u00a0juhtmega, reguleeritava l\u00f5ikusteraga juuksel\u00f5ikusmasin. Ideaalne meeste juuste l\u00f5ikamiseks.<\/p>\n<p><strong>Tehnilised andmed:<\/strong><\/p>\n<p>&#8211; 3600 rpm, polariseeritud, v\u00f5nkuv, as\u00fcnkroonmootor<br \/>\n&#8211; juhe &#8211; 3,0 m.<\/p>\n<p><strong>Komplektis:<\/strong><\/p>\n<p>&#8211; 1 Ultron MSX tera ( 0 &#8211; 2,0 mm. )<br \/>\n&#8211; 4 pikendustalda ( 3,0 mm. \/ 6,0 mm. \/ 9,0 mm. \/ 12,0 mm. )<br \/>\n&#8211; masina\u00f5li<br \/>\n&#8211; puhastushari<br \/>\n&#8211; l\u00f5iketera kaitse<\/p>\n<p>Toote endine nimi: MSX<\/p>\n","protected":false},"excerpt":{"rendered":"<p>Kerge, vaikne, v\u00f5imas,\u00a0juhtmega, reguleeritava l\u00f5ikusteraga juuksel\u00f5ikusmasin. Ideaalne meeste juuste l\u00f5ikamiseks. Tehnilised andmed: &#8211; 3600 rpm, polariseeritud, v\u00f5nkuv, as\u00fcnkroonmootor &#8211; juhe &#8211; 3,0 m. Komplektis: &#8211; 1 Ultron MSX tera ( 0 &#8211; 2,0 mm. ) &#8211; 4 pikendustalda ( 3,0 mm. \/ 6,0 mm. \/ 9,0 mm. \/ 12,0 mm. ) &#8211; masina\u00f5li &#8211; puhastushari [&hellip;]<\/p>\n","protected":false},"featured_media":2599,"comment_status":"closed","ping_status":"closed","template":"","meta":[],"product_cat":[733,401,280,286],"product_tag":[],"class_list":{"0":"post-14126","1":"product","2":"type-product","3":"status-publish","4":"has-post-thumbnail","6":"product_cat-ultron","7":"product_cat-juuksuri-tarvikud","8":"product_cat-elektrilised-toovahendid","9":"product_cat-loikusmasinad-ja-trimmerid","11":"first","12":"instock","13":"taxable","14":"shipping-taxable","15":"purchasable","16":"product-type-simple"},"_links":{"self":[{"href":"https:\/\/saxsim.ee\/swp\/wp-json\/wp\/v2\/product\/14126"}],"collection":[{"href":"https:\/\/saxsim.ee\/swp\/wp-json\/wp\/v2\/product"}],"about":[{"href":"https:\/\/saxsim.ee\/swp\/wp-json\/wp\/v2\/types\/product"}],"replies":[{"embeddable":true,"href":"https:\/\/saxsim.ee\/swp\/wp-json\/wp\/v2\/comments?post=14126"}],"wp:featuredmedia":[{"embeddable":true,"href":"https:\/\/saxsim.ee\/swp\/wp-json\/wp\/v2\/media\/2599"}],"wp:attachment":[{"href":"https:\/\/saxsim.ee\/swp\/wp-json\/wp\/v2\/media?parent=14126"}],"wp:term":[{"taxonomy":"product_cat","embeddable":true,"href":"https:\/\/saxsim.ee\/swp\/wp-json\/wp\/v2\/product_cat?post=14126"},{"taxonomy":"product_tag","embeddable":true,"href":"https:\/\/saxsim.ee\/swp\/wp-json\/wp\/v2\/product_tag?post=14126"}],"curies":[{"name":"wp","href":"https:\/\/api.w.org\/{rel}","templated":true}]}}