{"id":14002,"date":"2025-01-02T12:10:57","date_gmt":"2025-01-02T10:10:57","guid":{"rendered":"https:\/\/saxsim.ee\/swp\/?post_type=product&#038;p=14002"},"modified":"2025-07-04T09:49:29","modified_gmt":"2025-07-04T06:49:29","slug":"2-sensido-3-in-one-cream-color-juuksevarv-professionaalidele","status":"publish","type":"product","link":"https:\/\/saxsim.ee\/swp\/product\/2-sensido-3-in-one-cream-color-juuksevarv-professionaalidele\/","title":{"rendered":"\/2 SensiDO 3 In One Cream Color \u2013 juuksev\u00e4rv professionaalidele"},"content":{"rendered":"<p><b>\/2 Green<\/b><\/p>\n<ul>\n<li>Segamisv\u00e4rv<\/li>\n<li>Suurep\u00e4rane abivahend punaste pigmentide neutraliseerimiseks v\u00f5i heledates juustes roheliste tulemuste saamiseks<\/li>\n<li>\/9A, \/9B, \/8, \/6, \/4, \/3 ja \/2 kasutatakse v\u00e4rvide hulgas , kui soovitakse v\u00e4rvi intensiivsust<\/li>\n<li>Toonid \/3 ja \/4 ei sisalda oks\u00fcdeerivaid pigmente, v\u00f5ib kasutada ka otsev\u00e4rvina, p\u00fcsivus 6-10 pesu<\/li>\n<li><span class=\"HwtZe\" lang=\"et\"><span class=\"jCAhz\"><span class=\"ryNqvb\">Toonid \/2, \/6 ja \/8 sisaldavad oks\u00fcdeeritavaid pigmente <\/span><\/span><\/span><\/li>\n<li>Lihtne segada ja peale kanda<\/li>\n<li>Parf\u00fc\u00fcmivaba ja vegan<\/li>\n<\/ul>\n","protected":false},"excerpt":{"rendered":"<p>\/2 Green Segamisv\u00e4rv Suurep\u00e4rane abivahend punaste pigmentide neutraliseerimiseks v\u00f5i heledates juustes roheliste tulemuste saamiseks \/9A, \/9B, \/8, \/6, \/4, \/3 ja \/2 kasutatakse v\u00e4rvide hulgas , kui soovitakse v\u00e4rvi intensiivsust Toonid \/3 ja \/4 ei sisalda oks\u00fcdeerivaid pigmente, v\u00f5ib kasutada ka otsev\u00e4rvina, p\u00fcsivus 6-10 pesu Toonid \/2, \/6 ja \/8 sisaldavad oks\u00fcdeeritavaid pigmente Lihtne segada [&hellip;]<\/p>\n","protected":false},"featured_media":14003,"comment_status":"closed","ping_status":"closed","template":"","meta":[],"product_cat":[792,673,395,666,95,390],"product_tag":[637],"class_list":{"0":"post-14002","1":"product","2":"type-product","3":"status-publish","4":"has-post-thumbnail","6":"product_cat-uued-tooted","7":"product_cat-sensido","8":"product_cat-juuksed","9":"product_cat-professionaalseks-kasutamiseks","10":"product_cat-sensido-juuksevarvid","11":"product_cat-sensido-cream-color-3-in-1","12":"product_tag-profitoode","14":"first","15":"instock","16":"taxable","17":"shipping-taxable","18":"purchasable","19":"product-type-simple"},"_links":{"self":[{"href":"https:\/\/saxsim.ee\/swp\/wp-json\/wp\/v2\/product\/14002"}],"collection":[{"href":"https:\/\/saxsim.ee\/swp\/wp-json\/wp\/v2\/product"}],"about":[{"href":"https:\/\/saxsim.ee\/swp\/wp-json\/wp\/v2\/types\/product"}],"replies":[{"embeddable":true,"href":"https:\/\/saxsim.ee\/swp\/wp-json\/wp\/v2\/comments?post=14002"}],"wp:featuredmedia":[{"embeddable":true,"href":"https:\/\/saxsim.ee\/swp\/wp-json\/wp\/v2\/media\/14003"}],"wp:attachment":[{"href":"https:\/\/saxsim.ee\/swp\/wp-json\/wp\/v2\/media?parent=14002"}],"wp:term":[{"taxonomy":"product_cat","embeddable":true,"href":"https:\/\/saxsim.ee\/swp\/wp-json\/wp\/v2\/product_cat?post=14002"},{"taxonomy":"product_tag","embeddable":true,"href":"https:\/\/saxsim.ee\/swp\/wp-json\/wp\/v2\/product_tag?post=14002"}],"curies":[{"name":"wp","href":"https:\/\/api.w.org\/{rel}","templated":true}]}}