{"id":13357,"date":"2024-06-25T21:05:11","date_gmt":"2024-06-25T18:05:11","guid":{"rendered":"https:\/\/www.saxsim.ee\/?post_type=product&#038;p=13357"},"modified":"2025-04-06T18:24:19","modified_gmt":"2025-04-06T15:24:19","slug":"eyebrow-razor-kulmude-kujundamise-nuga","status":"publish","type":"product","link":"https:\/\/saxsim.ee\/swp\/product\/eyebrow-razor-kulmude-kujundamise-nuga\/","title":{"rendered":"Eyebrow Razor &#8211; kulmude kujundamise nuga"},"content":{"rendered":"<p>Lihtne t\u00f6\u00f6riist kulmude kujundamiseks, ilma vahatamiseta v\u00f5i kitkumiseta. Valuvaba ja lihtne!<\/p>\n","protected":false},"excerpt":{"rendered":"<p>Lihtne t\u00f6\u00f6riist kulmude kujundamiseks, ilma vahatamiseta v\u00f5i kitkumiseta. Valuvaba ja lihtne!<\/p>\n","protected":false},"featured_media":13358,"comment_status":"closed","ping_status":"closed","template":"","meta":[],"product_cat":[792,401,337],"product_tag":[],"class_list":{"0":"post-13357","1":"product","2":"type-product","3":"status-publish","4":"has-post-thumbnail","6":"product_cat-uued-tooted","7":"product_cat-juuksuri-tarvikud","8":"product_cat-loikusnoad-ja-noaterad","10":"first","11":"instock","12":"taxable","13":"shipping-taxable","14":"purchasable","15":"product-type-simple"},"_links":{"self":[{"href":"https:\/\/saxsim.ee\/swp\/wp-json\/wp\/v2\/product\/13357"}],"collection":[{"href":"https:\/\/saxsim.ee\/swp\/wp-json\/wp\/v2\/product"}],"about":[{"href":"https:\/\/saxsim.ee\/swp\/wp-json\/wp\/v2\/types\/product"}],"replies":[{"embeddable":true,"href":"https:\/\/saxsim.ee\/swp\/wp-json\/wp\/v2\/comments?post=13357"}],"wp:featuredmedia":[{"embeddable":true,"href":"https:\/\/saxsim.ee\/swp\/wp-json\/wp\/v2\/media\/13358"}],"wp:attachment":[{"href":"https:\/\/saxsim.ee\/swp\/wp-json\/wp\/v2\/media?parent=13357"}],"wp:term":[{"taxonomy":"product_cat","embeddable":true,"href":"https:\/\/saxsim.ee\/swp\/wp-json\/wp\/v2\/product_cat?post=13357"},{"taxonomy":"product_tag","embeddable":true,"href":"https:\/\/saxsim.ee\/swp\/wp-json\/wp\/v2\/product_tag?post=13357"}],"curies":[{"name":"wp","href":"https:\/\/api.w.org\/{rel}","templated":true}]}}