{"id":13352,"date":"2024-06-25T11:40:09","date_gmt":"2024-06-25T08:40:09","guid":{"rendered":"https:\/\/www.saxsim.ee\/?post_type=product&#038;p=13352"},"modified":"2024-06-25T20:42:24","modified_gmt":"2024-06-25T17:42:24","slug":"jrl-onyx-sf-pro-shaver-pardel","status":"publish","type":"product","link":"https:\/\/saxsim.ee\/swp\/product\/jrl-onyx-sf-pro-shaver-pardel\/","title":{"rendered":"JRL Onyx SF PRO Shaver &#8211; pardel"},"content":{"rendered":"<p>Madala m\u00fcratasemega, kerge pardel. \u00d5hukese, nahas\u00f5braliku fooliumiga pardel tagab \u00fclimadala l\u00f5ikuse ilma survet avaldamata. Vastupidav foolium tagab t\u00f5husama ja puhtama hooldustulemuse. Saab kasutada nii juhtmega, kui ka juhtmeta.<\/p>\n<p><strong>Tehnilised andmed:<\/strong><br \/>\n&#8211; elektriv\u00f5rgu toide &#8211; 100-240 V, 50\u201360 Hz, 0,2A<br \/>\n&#8211; v\u00f5imsus &#8211; 6,5 W<br \/>\n&#8211; rotary mootor &#8211; 8000 p\u00f6\u00f6ret min.<br \/>\n&#8211; vastupidav Li-Ion aku<br \/>\n&#8211; akutoitel t\u00f6\u00f6tab &#8211; 180 min.<br \/>\n&#8211; aku laadimisaeg &#8211;\u00a0 120 min.<br \/>\n&#8211; kaal &#8211; 190 g. ilma juhtmeta<br \/>\n&#8211; LED-ekraan<\/p>\n<p><strong>Komplektis:<\/strong><br \/>\n&#8211; laadimisadapter<br \/>\n&#8211; juhe &#8211; u. 240 cm.<br \/>\n&#8211; puhastushari<br \/>\n&#8211; m\u00e4\u00e4rde\u00f5li<\/p>\n","protected":false},"excerpt":{"rendered":"<p>Madala m\u00fcratasemega, kerge pardel. \u00d5hukese, nahas\u00f5braliku fooliumiga pardel tagab \u00fclimadala l\u00f5ikuse ilma survet avaldamata. Vastupidav foolium tagab t\u00f5husama ja puhtama hooldustulemuse. Saab kasutada nii juhtmega, kui ka juhtmeta. Tehnilised andmed: &#8211; elektriv\u00f5rgu toide &#8211; 100-240 V, 50\u201360 Hz, 0,2A &#8211; v\u00f5imsus &#8211; 6,5 W &#8211; rotary mootor &#8211; 8000 p\u00f6\u00f6ret min. &#8211; vastupidav Li-Ion aku [&hellip;]<\/p>\n","protected":false},"featured_media":13353,"comment_status":"closed","ping_status":"closed","template":"","meta":[],"product_cat":[792,712,401,280,286],"product_tag":[],"class_list":{"0":"post-13352","1":"product","2":"type-product","3":"status-publish","4":"has-post-thumbnail","6":"product_cat-uued-tooted","7":"product_cat-jrl-professional","8":"product_cat-juuksuri-tarvikud","9":"product_cat-elektrilised-toovahendid","10":"product_cat-loikusmasinad-ja-trimmerid","12":"first","13":"instock","14":"taxable","15":"shipping-taxable","16":"purchasable","17":"product-type-simple"},"_links":{"self":[{"href":"https:\/\/saxsim.ee\/swp\/wp-json\/wp\/v2\/product\/13352"}],"collection":[{"href":"https:\/\/saxsim.ee\/swp\/wp-json\/wp\/v2\/product"}],"about":[{"href":"https:\/\/saxsim.ee\/swp\/wp-json\/wp\/v2\/types\/product"}],"replies":[{"embeddable":true,"href":"https:\/\/saxsim.ee\/swp\/wp-json\/wp\/v2\/comments?post=13352"}],"wp:featuredmedia":[{"embeddable":true,"href":"https:\/\/saxsim.ee\/swp\/wp-json\/wp\/v2\/media\/13353"}],"wp:attachment":[{"href":"https:\/\/saxsim.ee\/swp\/wp-json\/wp\/v2\/media?parent=13352"}],"wp:term":[{"taxonomy":"product_cat","embeddable":true,"href":"https:\/\/saxsim.ee\/swp\/wp-json\/wp\/v2\/product_cat?post=13352"},{"taxonomy":"product_tag","embeddable":true,"href":"https:\/\/saxsim.ee\/swp\/wp-json\/wp\/v2\/product_tag?post=13352"}],"curies":[{"name":"wp","href":"https:\/\/api.w.org\/{rel}","templated":true}]}}