{"id":13150,"date":"2024-04-17T09:11:11","date_gmt":"2024-04-17T06:11:11","guid":{"rendered":"https:\/\/www.saxsim.ee\/?post_type=product&#038;p=13150"},"modified":"2024-05-12T17:21:35","modified_gmt":"2024-05-12T14:21:35","slug":"color-hairspray-pastel-mint-varviline-juukselakk","status":"publish","type":"product","link":"https:\/\/saxsim.ee\/swp\/product\/color-hairspray-pastel-mint-varviline-juukselakk\/","title":{"rendered":"Color Hairspray, Pastel Mint &#8211; v\u00e4rviline juukselakk"},"content":{"rendered":"<p>Pastell Mint juukselakk.<\/p>\n<p>V\u00e4rviline\u00a0juukselakk, mida on lihtne juustest v\u00e4lja pesta.<\/p>\n<p><span class=\"HwtZe\" lang=\"et\"><span class=\"jCAhz ChMk0b\"><span class=\"ryNqvb\">P\u00fcsib kuni j\u00e4rgmise juuksepesuni.<\/span><\/span><\/span><\/p>\n<p>&nbsp;<\/p>\n<p>&nbsp;<\/p>\n","protected":false},"excerpt":{"rendered":"<p>Pastell Mint juukselakk. V\u00e4rviline\u00a0juukselakk, mida on lihtne juustest v\u00e4lja pesta. P\u00fcsib kuni j\u00e4rgmise juuksepesuni. &nbsp; &nbsp;<\/p>\n","protected":false},"featured_media":13225,"comment_status":"closed","ping_status":"closed","template":"","meta":[],"product_cat":[792,395,371],"product_tag":[],"class_list":{"0":"post-13150","1":"product","2":"type-product","3":"status-publish","4":"has-post-thumbnail","6":"product_cat-uued-tooted","7":"product_cat-juuksed","8":"product_cat-satendavad-ja-varvilised-juukselakid","10":"first","11":"instock","12":"taxable","13":"shipping-taxable","14":"purchasable","15":"product-type-simple"},"_links":{"self":[{"href":"https:\/\/saxsim.ee\/swp\/wp-json\/wp\/v2\/product\/13150"}],"collection":[{"href":"https:\/\/saxsim.ee\/swp\/wp-json\/wp\/v2\/product"}],"about":[{"href":"https:\/\/saxsim.ee\/swp\/wp-json\/wp\/v2\/types\/product"}],"replies":[{"embeddable":true,"href":"https:\/\/saxsim.ee\/swp\/wp-json\/wp\/v2\/comments?post=13150"}],"wp:featuredmedia":[{"embeddable":true,"href":"https:\/\/saxsim.ee\/swp\/wp-json\/wp\/v2\/media\/13225"}],"wp:attachment":[{"href":"https:\/\/saxsim.ee\/swp\/wp-json\/wp\/v2\/media?parent=13150"}],"wp:term":[{"taxonomy":"product_cat","embeddable":true,"href":"https:\/\/saxsim.ee\/swp\/wp-json\/wp\/v2\/product_cat?post=13150"},{"taxonomy":"product_tag","embeddable":true,"href":"https:\/\/saxsim.ee\/swp\/wp-json\/wp\/v2\/product_tag?post=13150"}],"curies":[{"name":"wp","href":"https:\/\/api.w.org\/{rel}","templated":true}]}}