{"id":13142,"date":"2024-04-17T05:32:28","date_gmt":"2024-04-17T02:32:28","guid":{"rendered":"https:\/\/www.saxsim.ee\/?post_type=product&#038;p=13142"},"modified":"2025-09-08T09:11:35","modified_gmt":"2025-09-08T06:11:35","slug":"ultron-trimmer-vsx-ii-mini-trimmer-2","status":"publish","type":"product","link":"https:\/\/saxsim.ee\/swp\/product\/ultron-trimmer-vsx-ii-mini-trimmer-2\/","title":{"rendered":"Ultron Trimmer VSX-II Mini &#8211; trimmer"},"content":{"rendered":"<p>Ultron Trimmer VSX-II Mini on v\u00f5imas, madala vibratsiooniga, vaikne, reguleeritava kiirusega\u00a0 ( 5000 kuni 6000 p\/min ), l\u00f5iketera k\u00f5rgusega 0,4 mm., juhtmega\/juhtmeta kasutatav juuksel\u00f5ikusmasin. Ideaalne juuksel\u00f5ikuseks, habeme modelleerimiseks v\u00f5i trimmimiseks. Easy-Click-System-i abil saate l\u00f5iketera kiiresti eemaldada, et puhastada juuksel\u00f5ikurit kaasasoleva harjaga ja hooldada seda spetsiaalse \u00f5liga.<\/p>\n<p>Enne seadme esmakordset kasutamist tuleb kasutusjuhendiga p\u00f5hjalikult tutvuda.<\/p>\n<p><strong>Tehnilised andmed:<\/strong><br \/>\nreguleeritav kiirus \u2013 5000 &#8211; 6000 p\/min.<br \/>\nadapter: Input \u2013 AC 100-240 V, 50\/60Hz, Output &#8211; 5V, 1000 mA<br \/>\naku \u2013 Li-Ion, 3,2V, 600 mAh<br \/>\nakutoitel t\u00f6\u00f6tab \u2013 100 min.<br \/>\naku laadimisaeg \u2013 90 min.<br \/>\nLED-ekraan erinevate andmete kuvamiseks<br \/>\nkaal \u2013 100 g.<br \/>\njuhe \u2013 2,5 m.<\/p>\n<p><strong>Komplektis:<\/strong><br \/>\n1 l\u00f5iketera ( k\u00f5rgus &#8211; 0,4 mm., laius \u2013 32 mm. )<br \/>\n2 kahepoolset l\u00f5ikustalda ( 3\/4 ja 5\/6 mm. )<br \/>\nlaadimisalus koos juhtmega<br \/>\npuhastushari<br \/>\nmasina\u00f5li<\/p>\n","protected":false},"excerpt":{"rendered":"<p>Ultron Trimmer VSX-II Mini on v\u00f5imas, madala vibratsiooniga, vaikne, reguleeritava kiirusega\u00a0 ( 5000 kuni 6000 p\/min ), l\u00f5iketera k\u00f5rgusega 0,4 mm., juhtmega\/juhtmeta kasutatav juuksel\u00f5ikusmasin. Ideaalne juuksel\u00f5ikuseks, habeme modelleerimiseks v\u00f5i trimmimiseks. Easy-Click-System-i abil saate l\u00f5iketera kiiresti eemaldada, et puhastada juuksel\u00f5ikurit kaasasoleva harjaga ja hooldada seda spetsiaalse \u00f5liga. Enne seadme esmakordset kasutamist tuleb kasutusjuhendiga p\u00f5hjalikult tutvuda. Tehnilised [&hellip;]<\/p>\n","protected":false},"featured_media":15096,"comment_status":"closed","ping_status":"closed","template":"","meta":[],"product_cat":[733,401,280,286],"product_tag":[],"class_list":{"0":"post-13142","1":"product","2":"type-product","3":"status-publish","4":"has-post-thumbnail","6":"product_cat-ultron","7":"product_cat-juuksuri-tarvikud","8":"product_cat-elektrilised-toovahendid","9":"product_cat-loikusmasinad-ja-trimmerid","11":"first","12":"instock","13":"taxable","14":"shipping-taxable","15":"purchasable","16":"product-type-simple"},"_links":{"self":[{"href":"https:\/\/saxsim.ee\/swp\/wp-json\/wp\/v2\/product\/13142"}],"collection":[{"href":"https:\/\/saxsim.ee\/swp\/wp-json\/wp\/v2\/product"}],"about":[{"href":"https:\/\/saxsim.ee\/swp\/wp-json\/wp\/v2\/types\/product"}],"replies":[{"embeddable":true,"href":"https:\/\/saxsim.ee\/swp\/wp-json\/wp\/v2\/comments?post=13142"}],"wp:featuredmedia":[{"embeddable":true,"href":"https:\/\/saxsim.ee\/swp\/wp-json\/wp\/v2\/media\/15096"}],"wp:attachment":[{"href":"https:\/\/saxsim.ee\/swp\/wp-json\/wp\/v2\/media?parent=13142"}],"wp:term":[{"taxonomy":"product_cat","embeddable":true,"href":"https:\/\/saxsim.ee\/swp\/wp-json\/wp\/v2\/product_cat?post=13142"},{"taxonomy":"product_tag","embeddable":true,"href":"https:\/\/saxsim.ee\/swp\/wp-json\/wp\/v2\/product_tag?post=13142"}],"curies":[{"name":"wp","href":"https:\/\/api.w.org\/{rel}","templated":true}]}}