{"id":13014,"date":"2024-03-19T09:57:24","date_gmt":"2024-03-19T07:57:24","guid":{"rendered":"https:\/\/www.saxsim.ee\/?post_type=product&#038;p=13014"},"modified":"2026-02-12T19:19:47","modified_gmt":"2026-02-12T17:19:47","slug":"hot-tools-cleaner-300-ml-kuumade-toovahendite-puhastusaine","status":"publish","type":"product","link":"https:\/\/saxsim.ee\/swp\/product\/hot-tools-cleaner-300-ml-kuumade-toovahendite-puhastusaine\/","title":{"rendered":"Hot Tools Cleaner, 300 ml. &#8211; kuumade t\u00f6\u00f6vahendite puhastusaine"},"content":{"rendered":"<p>Hot Tools Cleaner \u00f5rn koostis lahustab ja puhastab t\u00f6\u00f6vahendi kuumenevad pinnad mustusest, sooladest, rasvadest, juukselakkidest ja muudest viimistlusainetest, mis takistavad t\u00f6\u00f6vahendi korralikku t\u00f6\u00f6tamist.<\/p>\n<p><u>Kasutamine:<\/u><br \/>\n1. L\u00fclitage puhastatav t\u00f6\u00f6vahend elektrivoolust v\u00e4lja.<br \/>\n2. Pihustage sellele 20-30 cm kauguselt Hot Tools Cleaner lahust.<br \/>\n3. Laske lahusel u. 1 minut m\u00f5juda.<br \/>\n4. P\u00fchkige hoolikalt paberi v\u00f5i puhta lapiga.<\/p>\n<p>\u00d5igesti hooldatud t\u00f6\u00f6vahend pikendab tema t\u00f6\u00f6iga.<\/p>\n","protected":false},"excerpt":{"rendered":"<p>Hot Tools Cleaner \u00f5rn koostis lahustab ja puhastab t\u00f6\u00f6vahendi kuumenevad pinnad mustusest, sooladest, rasvadest, juukselakkidest ja muudest viimistlusainetest, mis takistavad t\u00f6\u00f6vahendi korralikku t\u00f6\u00f6tamist. Kasutamine: 1. L\u00fclitage puhastatav t\u00f6\u00f6vahend elektrivoolust v\u00e4lja. 2. Pihustage sellele 20-30 cm kauguselt Hot Tools Cleaner lahust. 3. Laske lahusel u. 1 minut m\u00f5juda. 4. P\u00fchkige hoolikalt paberi v\u00f5i puhta lapiga. \u00d5igesti [&hellip;]<\/p>\n","protected":false},"featured_media":13015,"comment_status":"closed","ping_status":"closed","template":"","meta":[],"product_cat":[577,600,599],"product_tag":[],"class_list":{"0":"post-13014","1":"product","2":"type-product","3":"status-publish","4":"has-post-thumbnail","6":"product_cat-iluteenindaja-tarvikud","7":"product_cat-puhastus-ja-desinfektsioonivahendid-iluteenindaja-tarvikud","8":"product_cat-puhastus-ja-desinfektsioonivahendid","10":"first","11":"instock","12":"taxable","13":"shipping-taxable","14":"purchasable","15":"product-type-simple"},"_links":{"self":[{"href":"https:\/\/saxsim.ee\/swp\/wp-json\/wp\/v2\/product\/13014"}],"collection":[{"href":"https:\/\/saxsim.ee\/swp\/wp-json\/wp\/v2\/product"}],"about":[{"href":"https:\/\/saxsim.ee\/swp\/wp-json\/wp\/v2\/types\/product"}],"replies":[{"embeddable":true,"href":"https:\/\/saxsim.ee\/swp\/wp-json\/wp\/v2\/comments?post=13014"}],"wp:featuredmedia":[{"embeddable":true,"href":"https:\/\/saxsim.ee\/swp\/wp-json\/wp\/v2\/media\/13015"}],"wp:attachment":[{"href":"https:\/\/saxsim.ee\/swp\/wp-json\/wp\/v2\/media?parent=13014"}],"wp:term":[{"taxonomy":"product_cat","embeddable":true,"href":"https:\/\/saxsim.ee\/swp\/wp-json\/wp\/v2\/product_cat?post=13014"},{"taxonomy":"product_tag","embeddable":true,"href":"https:\/\/saxsim.ee\/swp\/wp-json\/wp\/v2\/product_tag?post=13014"}],"curies":[{"name":"wp","href":"https:\/\/api.w.org\/{rel}","templated":true}]}}