{"id":12904,"date":"2024-02-23T11:32:58","date_gmt":"2024-02-23T09:32:58","guid":{"rendered":"https:\/\/www.saxsim.ee\/?post_type=product&#038;p=12904"},"modified":"2024-02-23T11:33:21","modified_gmt":"2024-02-23T09:33:21","slug":"shorai-classic-60-loikuskaarid","status":"publish","type":"product","link":"https:\/\/saxsim.ee\/swp\/product\/shorai-classic-60-loikuskaarid\/","title":{"rendered":"Sh\u014drai Classic 6,0&#8243; &#8211; l\u00f5ikusk\u00e4\u00e4rid"},"content":{"rendered":"<p>Sh\u014drai k\u00e4\u00e4rid on k\u00e4sitsi valmistatud. K\u00e4\u00e4rid on taskukohased ja v\u00e4ga hea kvaliteediga. Hea valik koolidele ja\u00a0alustavatele juuksuritele.<\/p>\n<p><strong>Disainielemendid:<\/strong><br \/>\ns\u00fcmmeetrilise kujuga<\/p>\n<p>eemaldatav s\u00f5rmetugi<\/p>\n<p>lame, s\u00fcvistatud reguleerimiskruvi<\/p>\n<p>regulaarse suurusega tera<\/p>\n<p>regulaarse suurusega s\u00f5rmeavad<\/p>\n<p>Sh\u014drai Classic k\u00e4\u00e4re on saadaval 3 erinevas suuruses ( 5,0\u2033 kuni 6,0\u2033 ).<\/p>\n<p>&nbsp;<\/p>\n<p>&nbsp;<\/p>\n","protected":false},"excerpt":{"rendered":"<p>Sh\u014drai k\u00e4\u00e4rid on k\u00e4sitsi valmistatud. K\u00e4\u00e4rid on taskukohased ja v\u00e4ga hea kvaliteediga. Hea valik koolidele ja\u00a0alustavatele juuksuritele. Disainielemendid: s\u00fcmmeetrilise kujuga eemaldatav s\u00f5rmetugi lame, s\u00fcvistatud reguleerimiskruvi regulaarse suurusega tera regulaarse suurusega s\u00f5rmeavad Sh\u014drai Classic k\u00e4\u00e4re on saadaval 3 erinevas suuruses ( 5,0\u2033 kuni 6,0\u2033 ). &nbsp; &nbsp;<\/p>\n","protected":false},"featured_media":4367,"comment_status":"closed","ping_status":"closed","template":"","meta":[],"product_cat":[706,401,174,276],"product_tag":[],"class_list":{"0":"post-12904","1":"product","2":"type-product","3":"status-publish","4":"has-post-thumbnail","6":"product_cat-shorai","7":"product_cat-juuksuri-tarvikud","8":"product_cat-kaarid","9":"product_cat-loikuskaarid","11":"first","12":"instock","13":"taxable","14":"shipping-taxable","15":"purchasable","16":"product-type-simple"},"_links":{"self":[{"href":"https:\/\/saxsim.ee\/swp\/wp-json\/wp\/v2\/product\/12904"}],"collection":[{"href":"https:\/\/saxsim.ee\/swp\/wp-json\/wp\/v2\/product"}],"about":[{"href":"https:\/\/saxsim.ee\/swp\/wp-json\/wp\/v2\/types\/product"}],"replies":[{"embeddable":true,"href":"https:\/\/saxsim.ee\/swp\/wp-json\/wp\/v2\/comments?post=12904"}],"wp:featuredmedia":[{"embeddable":true,"href":"https:\/\/saxsim.ee\/swp\/wp-json\/wp\/v2\/media\/4367"}],"wp:attachment":[{"href":"https:\/\/saxsim.ee\/swp\/wp-json\/wp\/v2\/media?parent=12904"}],"wp:term":[{"taxonomy":"product_cat","embeddable":true,"href":"https:\/\/saxsim.ee\/swp\/wp-json\/wp\/v2\/product_cat?post=12904"},{"taxonomy":"product_tag","embeddable":true,"href":"https:\/\/saxsim.ee\/swp\/wp-json\/wp\/v2\/product_tag?post=12904"}],"curies":[{"name":"wp","href":"https:\/\/api.w.org\/{rel}","templated":true}]}}