{"id":12783,"date":"2024-01-21T10:42:10","date_gmt":"2024-01-21T08:42:10","guid":{"rendered":"https:\/\/www.saxsim.ee\/?post_type=product&#038;p=12783"},"modified":"2024-01-21T10:59:39","modified_gmt":"2024-01-21T08:59:39","slug":"jaguar-cj3-55-loikuskaarid","status":"publish","type":"product","link":"https:\/\/saxsim.ee\/swp\/product\/jaguar-cj3-55-loikuskaarid\/","title":{"rendered":"Jaguar CJ3 5,5&#8243; &#8211; l\u00f5ikusk\u00e4\u00e4rid"},"content":{"rendered":"<p>L\u00f5ikusk\u00e4\u00e4rid.<\/p>\n<p>&#8211; paremak\u00e4eliste k\u00e4\u00e4rid<br \/>\n&#8211; k\u00e4epideme asend: ergonoomiline<br \/>\n&#8211; teras: mol\u00fcbdeenteras<br \/>\n&#8211; kaal: 41 g.<br \/>\n&#8211; eemaldatav s\u00f5rmetugi<br \/>\n&#8211; poleeritud viimistlus<br \/>\n&#8211; kruvi\u00fchendus: Smart Spin<br \/>\n&#8211; v\u00e4rvus: h\u00f5bedane<br \/>\n&#8211; l\u00f5ikeserv\/tera: slice, poolintegreeritud l\u00f5ikeservad, poolkumer tera<\/p>\n","protected":false},"excerpt":{"rendered":"<p>L\u00f5ikusk\u00e4\u00e4rid. &#8211; paremak\u00e4eliste k\u00e4\u00e4rid &#8211; k\u00e4epideme asend: ergonoomiline &#8211; teras: mol\u00fcbdeenteras &#8211; kaal: 41 g. &#8211; eemaldatav s\u00f5rmetugi &#8211; poleeritud viimistlus &#8211; kruvi\u00fchendus: Smart Spin &#8211; v\u00e4rvus: h\u00f5bedane &#8211; l\u00f5ikeserv\/tera: slice, poolintegreeritud l\u00f5ikeservad, poolkumer tera<\/p>\n","protected":false},"featured_media":3247,"comment_status":"closed","ping_status":"closed","template":"","meta":[],"product_cat":[736,401,174,276],"product_tag":[],"class_list":{"0":"post-12783","1":"product","2":"type-product","3":"status-publish","4":"has-post-thumbnail","6":"product_cat-jaguar","7":"product_cat-juuksuri-tarvikud","8":"product_cat-kaarid","9":"product_cat-loikuskaarid","11":"first","12":"instock","13":"taxable","14":"shipping-taxable","15":"purchasable","16":"product-type-simple"},"_links":{"self":[{"href":"https:\/\/saxsim.ee\/swp\/wp-json\/wp\/v2\/product\/12783"}],"collection":[{"href":"https:\/\/saxsim.ee\/swp\/wp-json\/wp\/v2\/product"}],"about":[{"href":"https:\/\/saxsim.ee\/swp\/wp-json\/wp\/v2\/types\/product"}],"replies":[{"embeddable":true,"href":"https:\/\/saxsim.ee\/swp\/wp-json\/wp\/v2\/comments?post=12783"}],"wp:featuredmedia":[{"embeddable":true,"href":"https:\/\/saxsim.ee\/swp\/wp-json\/wp\/v2\/media\/3247"}],"wp:attachment":[{"href":"https:\/\/saxsim.ee\/swp\/wp-json\/wp\/v2\/media?parent=12783"}],"wp:term":[{"taxonomy":"product_cat","embeddable":true,"href":"https:\/\/saxsim.ee\/swp\/wp-json\/wp\/v2\/product_cat?post=12783"},{"taxonomy":"product_tag","embeddable":true,"href":"https:\/\/saxsim.ee\/swp\/wp-json\/wp\/v2\/product_tag?post=12783"}],"curies":[{"name":"wp","href":"https:\/\/api.w.org\/{rel}","templated":true}]}}