{"id":12725,"date":"2024-01-07T11:16:18","date_gmt":"2024-01-07T09:16:18","guid":{"rendered":"https:\/\/www.saxsim.ee\/?post_type=product&#038;p=12725"},"modified":"2025-07-05T18:11:29","modified_gmt":"2025-07-05T15:11:29","slug":"forme-essentials-volume-conditioner-1000-ml-tihendav-palsam-normaalsetele-ohukestele-ja-ornadele-juustele","status":"publish","type":"product","link":"https:\/\/saxsim.ee\/swp\/product\/forme-essentials-volume-conditioner-1000-ml-tihendav-palsam-normaalsetele-ohukestele-ja-ornadele-juustele\/","title":{"rendered":"Forme Essentials Volume Conditioner 1000 ml &#8211; tihendav palsam normaalsetele, \u00f5hukestele ja \u00f5rnadele juustele"},"content":{"rendered":"<p><span class=\"tlid-translation translation\" lang=\"et\"><span class=\"\" title=\"\">Kaera\u00f5li sisaldav, tihendav palsam normaalsetele, \u00f5hukestele ja \u00f5rnadele juustele.<\/span><\/span><\/p>\n<p><span title=\"\">Kergelt niisutav palsam hooldab ja toidab juukseid, andes neile vol\u00fc\u00fcmi ja <\/span><span title=\"\">kohevust.<\/span> <span title=\"\">Tootes sisalduv niisutav kaera\u00f5li toidab juukseid mitmel moel.<\/span> <span title=\"\">Sisaldab UV-kaitset.<\/span> <span title=\"\">Vegan<\/span><span title=\"\">.<\/span><\/p>\n<p><strong>Kasutamine:<\/strong> Kanna palsam pestud r\u00e4tikukuivadesse juustesse ja lase m\u00f5juda 2-5 minutit. Loputa korralikult.<\/p>\n<p>pH: 3,6<\/p>\n","protected":false},"excerpt":{"rendered":"<p>Kaera\u00f5li sisaldav, tihendav palsam normaalsetele, \u00f5hukestele ja \u00f5rnadele juustele. Kergelt niisutav palsam hooldab ja toidab juukseid, andes neile vol\u00fc\u00fcmi ja kohevust. Tootes sisalduv niisutav kaera\u00f5li toidab juukseid mitmel moel. Sisaldab UV-kaitset. Vegan. Kasutamine: Kanna palsam pestud r\u00e4tikukuivadesse juustesse ja lase m\u00f5juda 2-5 minutit. Loputa korralikult. pH: 3,6<\/p>\n","protected":false},"featured_media":12726,"comment_status":"closed","ping_status":"closed","template":"","meta":[],"product_cat":[752,395,660],"product_tag":[],"class_list":{"0":"post-12725","1":"product","2":"type-product","3":"status-publish","4":"has-post-thumbnail","6":"product_cat-forme-essentials","7":"product_cat-juuksed","8":"product_cat-palsamid","10":"first","11":"instock","12":"taxable","13":"shipping-taxable","14":"purchasable","15":"product-type-simple"},"_links":{"self":[{"href":"https:\/\/saxsim.ee\/swp\/wp-json\/wp\/v2\/product\/12725"}],"collection":[{"href":"https:\/\/saxsim.ee\/swp\/wp-json\/wp\/v2\/product"}],"about":[{"href":"https:\/\/saxsim.ee\/swp\/wp-json\/wp\/v2\/types\/product"}],"replies":[{"embeddable":true,"href":"https:\/\/saxsim.ee\/swp\/wp-json\/wp\/v2\/comments?post=12725"}],"wp:featuredmedia":[{"embeddable":true,"href":"https:\/\/saxsim.ee\/swp\/wp-json\/wp\/v2\/media\/12726"}],"wp:attachment":[{"href":"https:\/\/saxsim.ee\/swp\/wp-json\/wp\/v2\/media?parent=12725"}],"wp:term":[{"taxonomy":"product_cat","embeddable":true,"href":"https:\/\/saxsim.ee\/swp\/wp-json\/wp\/v2\/product_cat?post=12725"},{"taxonomy":"product_tag","embeddable":true,"href":"https:\/\/saxsim.ee\/swp\/wp-json\/wp\/v2\/product_tag?post=12725"}],"curies":[{"name":"wp","href":"https:\/\/api.w.org\/{rel}","templated":true}]}}