{"id":12615,"date":"2023-12-09T22:29:30","date_gmt":"2023-12-09T20:29:30","guid":{"rendered":"https:\/\/www.saxsim.ee\/?post_type=product&#038;p=12615"},"modified":"2024-04-17T06:21:14","modified_gmt":"2024-04-17T03:21:14","slug":"digital-scale-glass-top-max-5-kg-digitaalne-kaal","status":"publish","type":"product","link":"https:\/\/saxsim.ee\/swp\/product\/digital-scale-glass-top-max-5-kg-digitaalne-kaal\/","title":{"rendered":"Digital Scale Glass Top, Max 5 kg \u2013 digitaalne kaal"},"content":{"rendered":"<p>Klaasist alusega digitaalne kaal.<\/p>\n<p>Suur LCD ekraan.<\/p>\n<p>Maksimaalselt saab kaaluda kuni 5 kg.<\/p>\n<p>Kaalub t\u00e4psusega 1 g.<\/p>\n<p>Taara nullimise funktsioon.<\/p>\n<p>Automaatne v\u00e4ljal\u00fclituse funktsioon.<\/p>\n<p>2 x AAA patareid ei kuulu komplekti.<\/p>\n","protected":false},"excerpt":{"rendered":"<p>Klaasist alusega digitaalne kaal. Suur LCD ekraan. Maksimaalselt saab kaaluda kuni 5 kg. Kaalub t\u00e4psusega 1 g. Taara nullimise funktsioon. Automaatne v\u00e4ljal\u00fclituse funktsioon. 2 x AAA patareid ei kuulu komplekti.<\/p>\n","protected":false},"featured_media":12616,"comment_status":"closed","ping_status":"closed","template":"","meta":[],"product_cat":[792,325,324],"product_tag":[],"class_list":{"0":"post-12615","1":"product","2":"type-product","3":"status-publish","4":"has-post-thumbnail","6":"product_cat-uued-tooted","7":"product_cat-juuksuri-ja-ilusalongi-sisustus","8":"product_cat-kaalud","10":"first","11":"instock","12":"taxable","13":"shipping-taxable","14":"purchasable","15":"product-type-simple"},"_links":{"self":[{"href":"https:\/\/saxsim.ee\/swp\/wp-json\/wp\/v2\/product\/12615"}],"collection":[{"href":"https:\/\/saxsim.ee\/swp\/wp-json\/wp\/v2\/product"}],"about":[{"href":"https:\/\/saxsim.ee\/swp\/wp-json\/wp\/v2\/types\/product"}],"replies":[{"embeddable":true,"href":"https:\/\/saxsim.ee\/swp\/wp-json\/wp\/v2\/comments?post=12615"}],"wp:featuredmedia":[{"embeddable":true,"href":"https:\/\/saxsim.ee\/swp\/wp-json\/wp\/v2\/media\/12616"}],"wp:attachment":[{"href":"https:\/\/saxsim.ee\/swp\/wp-json\/wp\/v2\/media?parent=12615"}],"wp:term":[{"taxonomy":"product_cat","embeddable":true,"href":"https:\/\/saxsim.ee\/swp\/wp-json\/wp\/v2\/product_cat?post=12615"},{"taxonomy":"product_tag","embeddable":true,"href":"https:\/\/saxsim.ee\/swp\/wp-json\/wp\/v2\/product_tag?post=12615"}],"curies":[{"name":"wp","href":"https:\/\/api.w.org\/{rel}","templated":true}]}}