{"id":12572,"date":"2023-12-02T08:02:38","date_gmt":"2023-12-02T06:02:38","guid":{"rendered":"https:\/\/www.saxsim.ee\/?post_type=product&#038;p=12572"},"modified":"2025-08-05T09:31:39","modified_gmt":"2025-08-05T06:31:39","slug":"cera-ir-hot-styling-brush-32-mm-elektriline-rullhari","status":"publish","type":"product","link":"https:\/\/saxsim.ee\/swp\/product\/cera-ir-hot-styling-brush-32-mm-elektriline-rullhari\/","title":{"rendered":"Cera Ir Hot Styling Brush 32 mm &#8211; elektriline rullhari"},"content":{"rendered":"<p>Cera Ir Hot Styling Brush on 2 in 1 kuumenev rullhari, mis annab l\u00f5putult v\u00f5imalusi soengute tegemiseks. Infrapuna tehnoloogia soojendab juukseid \u00f5rnalt seestpoolt ja lukustab loomuliku niiskuse, minimeerides juuste kahjustusi.<\/p>\n<p><strong>Tehnilised andmed:<\/strong><\/p>\n<p>ION tehnoloogia<\/p>\n<p>Infrapuna tehnoloogia<\/p>\n<p>2 in 1 kvaliteet<\/p>\n<p>mittekuumenev ots<\/p>\n<p>automaatne v\u00e4ljal\u00fclitus 60 min. p\u00e4rast<\/p>\n<p>t\u00f6\u00f6temperatuur \u2013 130\u00b0C &#8211; 230\u00b0C, digitaalselt reguleeritav<\/p>\n<p>keraamiline + turmaliin kuumenev pind<\/p>\n<p>p\u00f6\u00f6rlev juhe \u2013 3,0 m<\/p>\n<p>Saadaval suurustes: 32 mm, 38 mm ja 45 mm<\/p>\n","protected":false},"excerpt":{"rendered":"<p>Cera Ir Hot Styling Brush on 2 in 1 kuumenev rullhari, mis annab l\u00f5putult v\u00f5imalusi soengute tegemiseks. Infrapuna tehnoloogia soojendab juukseid \u00f5rnalt seestpoolt ja lukustab loomuliku niiskuse, minimeerides juuste kahjustusi. Tehnilised andmed: ION tehnoloogia Infrapuna tehnoloogia 2 in 1 kvaliteet mittekuumenev ots automaatne v\u00e4ljal\u00fclitus 60 min. p\u00e4rast t\u00f6\u00f6temperatuur \u2013 130\u00b0C &#8211; 230\u00b0C, digitaalselt reguleeritav keraamiline [&hellip;]<\/p>\n","protected":false},"featured_media":12579,"comment_status":"closed","ping_status":"closed","template":"","meta":[],"product_cat":[792,710,401,280,282],"product_tag":[],"class_list":{"0":"post-12572","1":"product","2":"type-product","3":"status-publish","4":"has-post-thumbnail","6":"product_cat-uued-tooted","7":"product_cat-cera-professional","8":"product_cat-juuksuri-tarvikud","9":"product_cat-elektrilised-toovahendid","10":"product_cat-elektrilised-juukseharjad","12":"first","13":"instock","14":"taxable","15":"shipping-taxable","16":"purchasable","17":"product-type-simple"},"_links":{"self":[{"href":"https:\/\/saxsim.ee\/swp\/wp-json\/wp\/v2\/product\/12572"}],"collection":[{"href":"https:\/\/saxsim.ee\/swp\/wp-json\/wp\/v2\/product"}],"about":[{"href":"https:\/\/saxsim.ee\/swp\/wp-json\/wp\/v2\/types\/product"}],"replies":[{"embeddable":true,"href":"https:\/\/saxsim.ee\/swp\/wp-json\/wp\/v2\/comments?post=12572"}],"wp:featuredmedia":[{"embeddable":true,"href":"https:\/\/saxsim.ee\/swp\/wp-json\/wp\/v2\/media\/12579"}],"wp:attachment":[{"href":"https:\/\/saxsim.ee\/swp\/wp-json\/wp\/v2\/media?parent=12572"}],"wp:term":[{"taxonomy":"product_cat","embeddable":true,"href":"https:\/\/saxsim.ee\/swp\/wp-json\/wp\/v2\/product_cat?post=12572"},{"taxonomy":"product_tag","embeddable":true,"href":"https:\/\/saxsim.ee\/swp\/wp-json\/wp\/v2\/product_tag?post=12572"}],"curies":[{"name":"wp","href":"https:\/\/api.w.org\/{rel}","templated":true}]}}