{"id":12550,"date":"2023-11-28T08:54:35","date_gmt":"2023-11-28T06:54:35","guid":{"rendered":"https:\/\/www.saxsim.ee\/?post_type=product&#038;p=12550"},"modified":"2026-04-23T13:38:25","modified_gmt":"2026-04-23T10:38:25","slug":"sense-shampoo-for-synthetic-hair-250-ml-sampoon-sunteetilistele-juustele","status":"publish","type":"product","link":"https:\/\/saxsim.ee\/swp\/product\/sense-shampoo-for-synthetic-hair-250-ml-sampoon-sunteetilistele-juustele\/","title":{"rendered":"Sense Shampoo For Synthetic Hair 250 ml. &#8211; \u0161ampoon s\u00fcnteetilistele juustele"},"content":{"rendered":"<p><strong>Niisutav \u0161ampoon s\u00fcnteetilistest juustest parukatele.<\/strong><\/p>\n<p>&#8211; \u00d5rnatoimeline s\u00fcnteetilistele juustele ja parukatele<br \/>\n&#8211; Parandab paruka v\u00e4rvi p\u00fcsivust<br \/>\n&#8211; Sobib ka segaparukatele<br \/>\n&#8211; Sisaldab UV-kaitset<br \/>\n&#8211; L\u00f5hnavaba ja vegan<\/p>\n<p>Puhastab paruka \u00f5rnalt, kuid t\u00f5husalt, j\u00e4ttes s\u00fcnteetilised juuksed p\u00e4rast pesu imepehmeteks ja kergesti k\u00e4sitletavateks. \u0160ampoonis sisalduv Escalol HP kaitseb parukat p\u00e4ikesevalguse eest, parandab v\u00e4rvi p\u00fcsivust ja h\u00f5lbustab juuste t\u00f6\u00f6tlemist. \u0160ampoon sobib ka segaparukatele, kuid mitte parukatele, mis on 100% p\u00e4ris juustest.<\/p>\n<p><strong>Paruka pesemine:<\/strong><br \/>\nRegulaarne pesemine pikendab s\u00fcnteetilistest juustest valmistatud\u00a0 paruka eluiga ja muudab selle loomulikumaks. Parukat on soovitatav pesta kord n\u00e4dalas. Pesemisintervalli m\u00f5jutab oluliselt, kas parukas on igap\u00e4evases kasutuses ja kas parukat kantakse sportides.<\/p>\n<p>Enne pesemist harja parukat hoolikalt. Lisa n\u00f5usse v\u00f5i kraanikaussi leiget vett. Vett peaks olema piisavalt, et parukas korralikult katta. Lisa umbes supilusikat\u00e4is \u0161ampooni ja lahustage veega. P\u00f6\u00f6rake parukas pahupidi ja leotage 5-10 minutit. P\u00f6\u00f6rake parukas \u00fcmber ja loputage seda \u00f5rnalt jooksva vee all.<\/p>\n<p>Vahetage uus vesi ja lisage vette umbes supilusikat\u00e4is palsamit. Lahustage palsam vees hoolikalt. Leotage parukat 5-10 minutit ja loputage kiiresti jooksva vee all. Pigista parukast \u00f5rnalt liigne vesi, aseta parukahoidjale kuivama ja vajadusel harjake kergelt, et paruka kuju\/mudel esile tuua.<\/p>\n<p>Kui parukas on kuiv, pihustage parukas \u00fcle juustesse j\u00e4etava hooldusainega. T\u00e4helepanu p\u00f6\u00f6rake ka juuksepiirile, eriti kaelapiirkonnas, sest parukas muutub nendes piirkondades kiiresti takuseks. Kui parukas on s\u00fcnteetilised juuksepikendused, on soovitav pihustada juustesse j\u00e4etavat hooldusainet\u00a0 niiskele parukale ning lisada seda igap\u00e4evaselt kuivadele s\u00fcnteetilistele juuksepikendustele.<\/p>\n","protected":false},"excerpt":{"rendered":"<p>Niisutav \u0161ampoon s\u00fcnteetilistest juustest parukatele. &#8211; \u00d5rnatoimeline s\u00fcnteetilistele juustele ja parukatele &#8211; Parandab paruka v\u00e4rvi p\u00fcsivust &#8211; Sobib ka segaparukatele &#8211; Sisaldab UV-kaitset &#8211; L\u00f5hnavaba ja vegan Puhastab paruka \u00f5rnalt, kuid t\u00f5husalt, j\u00e4ttes s\u00fcnteetilised juuksed p\u00e4rast pesu imepehmeteks ja kergesti k\u00e4sitletavateks. \u0160ampoonis sisalduv Escalol HP kaitseb parukat p\u00e4ikesevalguse eest, parandab v\u00e4rvi p\u00fcsivust ja h\u00f5lbustab juuste [&hellip;]<\/p>\n","protected":false},"featured_media":12551,"comment_status":"closed","ping_status":"closed","template":"","meta":[],"product_cat":[827,395,659],"product_tag":[],"class_list":{"0":"post-12550","1":"product","2":"type-product","3":"status-publish","4":"has-post-thumbnail","6":"product_cat-sense","7":"product_cat-juuksed","8":"product_cat-sampoonid","10":"first","11":"instock","12":"taxable","13":"shipping-taxable","14":"purchasable","15":"product-type-simple"},"_links":{"self":[{"href":"https:\/\/saxsim.ee\/swp\/wp-json\/wp\/v2\/product\/12550"}],"collection":[{"href":"https:\/\/saxsim.ee\/swp\/wp-json\/wp\/v2\/product"}],"about":[{"href":"https:\/\/saxsim.ee\/swp\/wp-json\/wp\/v2\/types\/product"}],"replies":[{"embeddable":true,"href":"https:\/\/saxsim.ee\/swp\/wp-json\/wp\/v2\/comments?post=12550"}],"wp:featuredmedia":[{"embeddable":true,"href":"https:\/\/saxsim.ee\/swp\/wp-json\/wp\/v2\/media\/12551"}],"wp:attachment":[{"href":"https:\/\/saxsim.ee\/swp\/wp-json\/wp\/v2\/media?parent=12550"}],"wp:term":[{"taxonomy":"product_cat","embeddable":true,"href":"https:\/\/saxsim.ee\/swp\/wp-json\/wp\/v2\/product_cat?post=12550"},{"taxonomy":"product_tag","embeddable":true,"href":"https:\/\/saxsim.ee\/swp\/wp-json\/wp\/v2\/product_tag?post=12550"}],"curies":[{"name":"wp","href":"https:\/\/api.w.org\/{rel}","templated":true}]}}