{"id":12494,"date":"2023-11-09T08:09:13","date_gmt":"2023-11-09T06:09:13","guid":{"rendered":"https:\/\/www.saxsim.ee\/?post_type=product&#038;p=12494"},"modified":"2024-01-08T13:16:51","modified_gmt":"2024-01-08T11:16:51","slug":"raiden-2400-w-kasifoon","status":"publish","type":"product","link":"https:\/\/saxsim.ee\/swp\/product\/raiden-2400-w-kasifoon\/","title":{"rendered":"Raiden 2400 W &#8211; k\u00e4sif\u00f6\u00f6n"},"content":{"rendered":"<p><strong>Tehnilised andmed:<\/strong><br \/>\n&#8211; 220-240 V \/\/ 50-60 Hz<br \/>\n&#8211; 2000-2400 W<br \/>\n&#8211; 2 kiirust<br \/>\n&#8211; 2 kuumusastet<br \/>\n&#8211; k\u00fclma \u00f5huvoo nupp<br \/>\n&#8211; eemaldatav filter<br \/>\n&#8211; 2 \u00f5husuunajat (\u00a0 70&#215;14 mm ja\u00a0 90&#215;12 mm )<br \/>\n&#8211; \u00f5husuunajaid saab kinnitada vertikaalselt v\u00f5i horisontaalselt<br \/>\n&#8211; kaal &#8211; 546 g ( koos juhtmega 768 g )<br \/>\n&#8211; juhe &#8211; 2,7 m<\/p>\n","protected":false},"excerpt":{"rendered":"<p>Tehnilised andmed: &#8211; 220-240 V \/\/ 50-60 Hz &#8211; 2000-2400 W &#8211; 2 kiirust &#8211; 2 kuumusastet &#8211; k\u00fclma \u00f5huvoo nupp &#8211; eemaldatav filter &#8211; 2 \u00f5husuunajat (\u00a0 70&#215;14 mm ja\u00a0 90&#215;12 mm ) &#8211; \u00f5husuunajaid saab kinnitada vertikaalselt v\u00f5i horisontaalselt &#8211; kaal &#8211; 546 g ( koos juhtmega 768 g ) &#8211; juhe &#8211; [&hellip;]<\/p>\n","protected":false},"featured_media":12495,"comment_status":"closed","ping_status":"closed","template":"","meta":[],"product_cat":[792,401,280,285],"product_tag":[],"class_list":{"0":"post-12494","1":"product","2":"type-product","3":"status-publish","4":"has-post-thumbnail","6":"product_cat-uued-tooted","7":"product_cat-juuksuri-tarvikud","8":"product_cat-elektrilised-toovahendid","9":"product_cat-kasifoonid","11":"first","12":"instock","13":"taxable","14":"shipping-taxable","15":"purchasable","16":"product-type-simple"},"_links":{"self":[{"href":"https:\/\/saxsim.ee\/swp\/wp-json\/wp\/v2\/product\/12494"}],"collection":[{"href":"https:\/\/saxsim.ee\/swp\/wp-json\/wp\/v2\/product"}],"about":[{"href":"https:\/\/saxsim.ee\/swp\/wp-json\/wp\/v2\/types\/product"}],"replies":[{"embeddable":true,"href":"https:\/\/saxsim.ee\/swp\/wp-json\/wp\/v2\/comments?post=12494"}],"wp:featuredmedia":[{"embeddable":true,"href":"https:\/\/saxsim.ee\/swp\/wp-json\/wp\/v2\/media\/12495"}],"wp:attachment":[{"href":"https:\/\/saxsim.ee\/swp\/wp-json\/wp\/v2\/media?parent=12494"}],"wp:term":[{"taxonomy":"product_cat","embeddable":true,"href":"https:\/\/saxsim.ee\/swp\/wp-json\/wp\/v2\/product_cat?post=12494"},{"taxonomy":"product_tag","embeddable":true,"href":"https:\/\/saxsim.ee\/swp\/wp-json\/wp\/v2\/product_tag?post=12494"}],"curies":[{"name":"wp","href":"https:\/\/api.w.org\/{rel}","templated":true}]}}