{"id":12489,"date":"2023-11-09T07:55:08","date_gmt":"2023-11-09T05:55:08","guid":{"rendered":"https:\/\/www.saxsim.ee\/?post_type=product&#038;p=12489"},"modified":"2024-01-08T13:18:49","modified_gmt":"2024-01-08T11:18:49","slug":"phoenix-ionic-2000-w-kasifoon","status":"publish","type":"product","link":"https:\/\/saxsim.ee\/swp\/product\/phoenix-ionic-2000-w-kasifoon\/","title":{"rendered":"Phoenix Ionic 2000 W &#8211; k\u00e4sif\u00f6\u00f6n"},"content":{"rendered":"<p><strong>Tehnilised andmed:<\/strong><br \/>\n&#8211; 220-240 V \/\/ 50-60 Hz<br \/>\n&#8211; 1800-2000 W<br \/>\n&#8211; ION-tehnoloogia<br \/>\n&#8211; 2 kiirust<br \/>\n&#8211; 2 kuumusastet<br \/>\n&#8211; k\u00fclma \u00f5huvoo nupp<br \/>\n&#8211; eemaldatav filter<br \/>\n&#8211; 2 \u00f5husuunajat (\u00a0 65&#215;10 mm ja\u00a0 75&#215;10 mm ) + 1 difuusor<br \/>\n&#8211; kaal &#8211; 555 g ( koos juhtmega 747 g )<br \/>\n&#8211; juhe &#8211; 2,8 m<\/p>\n","protected":false},"excerpt":{"rendered":"<p>Tehnilised andmed: &#8211; 220-240 V \/\/ 50-60 Hz &#8211; 1800-2000 W &#8211; ION-tehnoloogia &#8211; 2 kiirust &#8211; 2 kuumusastet &#8211; k\u00fclma \u00f5huvoo nupp &#8211; eemaldatav filter &#8211; 2 \u00f5husuunajat (\u00a0 65&#215;10 mm ja\u00a0 75&#215;10 mm ) + 1 difuusor &#8211; kaal &#8211; 555 g ( koos juhtmega 747 g ) &#8211; juhe &#8211; 2,8 m<\/p>\n","protected":false},"featured_media":12490,"comment_status":"closed","ping_status":"closed","template":"","meta":[],"product_cat":[792,401,280,285],"product_tag":[],"class_list":{"0":"post-12489","1":"product","2":"type-product","3":"status-publish","4":"has-post-thumbnail","6":"product_cat-uued-tooted","7":"product_cat-juuksuri-tarvikud","8":"product_cat-elektrilised-toovahendid","9":"product_cat-kasifoonid","11":"first","12":"instock","13":"taxable","14":"shipping-taxable","15":"purchasable","16":"product-type-simple"},"_links":{"self":[{"href":"https:\/\/saxsim.ee\/swp\/wp-json\/wp\/v2\/product\/12489"}],"collection":[{"href":"https:\/\/saxsim.ee\/swp\/wp-json\/wp\/v2\/product"}],"about":[{"href":"https:\/\/saxsim.ee\/swp\/wp-json\/wp\/v2\/types\/product"}],"replies":[{"embeddable":true,"href":"https:\/\/saxsim.ee\/swp\/wp-json\/wp\/v2\/comments?post=12489"}],"wp:featuredmedia":[{"embeddable":true,"href":"https:\/\/saxsim.ee\/swp\/wp-json\/wp\/v2\/media\/12490"}],"wp:attachment":[{"href":"https:\/\/saxsim.ee\/swp\/wp-json\/wp\/v2\/media?parent=12489"}],"wp:term":[{"taxonomy":"product_cat","embeddable":true,"href":"https:\/\/saxsim.ee\/swp\/wp-json\/wp\/v2\/product_cat?post=12489"},{"taxonomy":"product_tag","embeddable":true,"href":"https:\/\/saxsim.ee\/swp\/wp-json\/wp\/v2\/product_tag?post=12489"}],"curies":[{"name":"wp","href":"https:\/\/api.w.org\/{rel}","templated":true}]}}