{"id":12429,"date":"2023-10-22T14:21:46","date_gmt":"2023-10-22T11:21:46","guid":{"rendered":"https:\/\/www.saxsim.ee\/?post_type=product&#038;p=12429"},"modified":"2024-08-04T10:55:27","modified_gmt":"2024-08-04T07:55:27","slug":"sibel-ehp-afterwax-oil-pehmendav-oli-parast-depileerimist","status":"publish","type":"product","link":"https:\/\/saxsim.ee\/swp\/product\/sibel-ehp-afterwax-oil-pehmendav-oli-parast-depileerimist\/","title":{"rendered":"Sibel EHP Afterwax  Oil &#8211; pehmendav \u00f5li p\u00e4rast depileerimist"},"content":{"rendered":"<p>Pealepihustatav pehmendav \u00f5li p\u00e4rast depileerimist.<br \/>\nEemaldab k\u00f5ik vahaj\u00e4\u00e4gid ja niisutab nahka.<\/p>\n<p>Kasutamine: Doseeri paar tilka depileeritud alale ja masseeri \u00f5rnalt.<\/p>\n<p>Pakend &#8211;\u00a0250 ml.<\/p>\n","protected":false},"excerpt":{"rendered":"<p>Pealepihustatav pehmendav \u00f5li p\u00e4rast depileerimist. Eemaldab k\u00f5ik vahaj\u00e4\u00e4gid ja niisutab nahka. Kasutamine: Doseeri paar tilka depileeritud alale ja masseeri \u00f5rnalt. Pakend &#8211;\u00a0250 ml.<\/p>\n","protected":false},"featured_media":12430,"comment_status":"closed","ping_status":"closed","template":"","meta":[],"product_cat":[97,581],"product_tag":[],"class_list":{"0":"post-12429","1":"product","2":"type-product","3":"status-publish","4":"has-post-thumbnail","6":"product_cat-nagu-ja-keha","7":"product_cat-vahajaakide-puhastamiseks","9":"first","10":"instock","11":"taxable","12":"shipping-taxable","13":"purchasable","14":"product-type-simple"},"_links":{"self":[{"href":"https:\/\/saxsim.ee\/swp\/wp-json\/wp\/v2\/product\/12429"}],"collection":[{"href":"https:\/\/saxsim.ee\/swp\/wp-json\/wp\/v2\/product"}],"about":[{"href":"https:\/\/saxsim.ee\/swp\/wp-json\/wp\/v2\/types\/product"}],"replies":[{"embeddable":true,"href":"https:\/\/saxsim.ee\/swp\/wp-json\/wp\/v2\/comments?post=12429"}],"wp:featuredmedia":[{"embeddable":true,"href":"https:\/\/saxsim.ee\/swp\/wp-json\/wp\/v2\/media\/12430"}],"wp:attachment":[{"href":"https:\/\/saxsim.ee\/swp\/wp-json\/wp\/v2\/media?parent=12429"}],"wp:term":[{"taxonomy":"product_cat","embeddable":true,"href":"https:\/\/saxsim.ee\/swp\/wp-json\/wp\/v2\/product_cat?post=12429"},{"taxonomy":"product_tag","embeddable":true,"href":"https:\/\/saxsim.ee\/swp\/wp-json\/wp\/v2\/product_tag?post=12429"}],"curies":[{"name":"wp","href":"https:\/\/api.w.org\/{rel}","templated":true}]}}