{"id":12262,"date":"2023-09-06T11:37:46","date_gmt":"2023-09-06T08:37:46","guid":{"rendered":"https:\/\/www.saxsim.ee\/?post_type=product&#038;p=12262"},"modified":"2024-08-04T10:54:38","modified_gmt":"2024-08-04T07:54:38","slug":"shower-cap-plastic-light-blue-1-tk-dusimuts","status":"publish","type":"product","link":"https:\/\/saxsim.ee\/swp\/product\/shower-cap-plastic-light-blue-1-tk-dusimuts\/","title":{"rendered":"Shower Cap Plastic, Light Blue 1 tk. &#8211; du\u0161im\u00fcts"},"content":{"rendered":"<p>Plastikust, kummipaelaga ja pitsdetailidega du\u0161im\u00fcts.<\/p>\n<p>V\u00e4rvus &#8211; helesinine<\/p>\n<p>Suurus &#8211; L<\/p>\n<p>Kugus &#8211; 1 tk.<\/p>\n","protected":false},"excerpt":{"rendered":"<p>Plastikust, kummipaelaga ja pitsdetailidega du\u0161im\u00fcts. V\u00e4rvus &#8211; helesinine Suurus &#8211; L Kugus &#8211; 1 tk.<\/p>\n","protected":false},"featured_media":12263,"comment_status":"closed","ping_status":"closed","template":"","meta":[],"product_cat":[577,401,176],"product_tag":[],"class_list":{"0":"post-12262","1":"product","2":"type-product","3":"status-publish","4":"has-post-thumbnail","6":"product_cat-iluteenindaja-tarvikud","7":"product_cat-juuksuri-tarvikud","8":"product_cat-varvitarvikud","10":"first","11":"instock","12":"taxable","13":"shipping-taxable","14":"purchasable","15":"product-type-simple"},"_links":{"self":[{"href":"https:\/\/saxsim.ee\/swp\/wp-json\/wp\/v2\/product\/12262"}],"collection":[{"href":"https:\/\/saxsim.ee\/swp\/wp-json\/wp\/v2\/product"}],"about":[{"href":"https:\/\/saxsim.ee\/swp\/wp-json\/wp\/v2\/types\/product"}],"replies":[{"embeddable":true,"href":"https:\/\/saxsim.ee\/swp\/wp-json\/wp\/v2\/comments?post=12262"}],"wp:featuredmedia":[{"embeddable":true,"href":"https:\/\/saxsim.ee\/swp\/wp-json\/wp\/v2\/media\/12263"}],"wp:attachment":[{"href":"https:\/\/saxsim.ee\/swp\/wp-json\/wp\/v2\/media?parent=12262"}],"wp:term":[{"taxonomy":"product_cat","embeddable":true,"href":"https:\/\/saxsim.ee\/swp\/wp-json\/wp\/v2\/product_cat?post=12262"},{"taxonomy":"product_tag","embeddable":true,"href":"https:\/\/saxsim.ee\/swp\/wp-json\/wp\/v2\/product_tag?post=12262"}],"curies":[{"name":"wp","href":"https:\/\/api.w.org\/{rel}","templated":true}]}}