{"id":12092,"date":"2023-07-23T10:06:26","date_gmt":"2023-07-23T07:06:26","guid":{"rendered":"https:\/\/www.saxsim.ee\/?post_type=product&#038;p=12092"},"modified":"2026-04-02T09:03:48","modified_gmt":"2026-04-02T06:03:48","slug":"heo-dry-refresh-shampoo-250-ml-kuivsampoon","status":"publish","type":"product","link":"https:\/\/saxsim.ee\/swp\/product\/heo-dry-refresh-shampoo-250-ml-kuivsampoon\/","title":{"rendered":"HE\u00d6 Dry Refresh Shampoo 250 ml. &#8211; kuiv\u0161ampoon"},"content":{"rendered":"<p><span class=\"HwtZe\" lang=\"et\"><span class=\"jCAhz ChMk0b\"><span class=\"ryNqvb\">HE\u00d6 Dry Refresh kuiv\u0161ampooni a<\/span><\/span><span class=\"jCAhz ChMk0b\"><span class=\"ryNqvb\">inulaadne koostis eemaldab koheselt juustest liigse rasvasuse.<\/span><\/span> <span class=\"jCAhz ChMk0b\"><span class=\"ryNqvb\">Eemaldab juuksejuurtest liigse rasu ja annab v\u00e4rske tunde. Pikendab pesukordade vahelist aega.<\/span><\/span> <span class=\"jCAhz ChMk0b\"><span class=\"ryNqvb\">Sobib k\u00f5ikidele juukset\u00fc\u00fcpidele.<\/span><\/span><\/span><\/p>\n<p><span class=\"HwtZe\" lang=\"et\"><span class=\"jCAhz ChMk0b\"><span class=\"ryNqvb\"><strong><u>Kasutamine<\/u>:<\/strong> Enne kasutamist raputada pudelit korralikult.<\/span><\/span> <span class=\"jCAhz ChMk0b\"><span class=\"ryNqvb\">Hoidke pudelit 15 cm kaugusel ja pihustage otse juustele.<\/span><\/span> <span class=\"jCAhz ChMk0b\"><span class=\"ryNqvb\">Masseeri kuiv\u0161ampoon s\u00f5rmedega juuksejuurtele ja peanahale.<\/span><\/span> <span class=\"jCAhz ChMk0b\"><span class=\"ryNqvb\">Eemaldage liigne kuiv\u0161ampoon juukseharjaga.<\/span><\/span><\/span><\/p>\n","protected":false},"excerpt":{"rendered":"<p>HE\u00d6 Dry Refresh kuiv\u0161ampooni ainulaadne koostis eemaldab koheselt juustest liigse rasvasuse. Eemaldab juuksejuurtest liigse rasu ja annab v\u00e4rske tunde. Pikendab pesukordade vahelist aega. Sobib k\u00f5ikidele juukset\u00fc\u00fcpidele. Kasutamine: Enne kasutamist raputada pudelit korralikult. Hoidke pudelit 15 cm kaugusel ja pihustage otse juustele. Masseeri kuiv\u0161ampoon s\u00f5rmedega juuksejuurtele ja peanahale. Eemaldage liigne kuiv\u0161ampoon juukseharjaga.<\/p>\n","protected":false},"featured_media":12093,"comment_status":"closed","ping_status":"closed","template":"","meta":[],"product_cat":[107,251,817,395,681,692],"product_tag":[],"class_list":{"0":"post-12092","1":"product","2":"type-product","3":"status-publish","4":"has-post-thumbnail","6":"product_cat-pakkumised","7":"product_cat-lopumuuk","8":"product_cat-heo","9":"product_cat-juuksed","10":"product_cat-viimistlus","11":"product_cat-kuivsampoonid","13":"first","14":"instock","15":"sale","16":"taxable","17":"shipping-taxable","18":"purchasable","19":"product-type-simple"},"_links":{"self":[{"href":"https:\/\/saxsim.ee\/swp\/wp-json\/wp\/v2\/product\/12092"}],"collection":[{"href":"https:\/\/saxsim.ee\/swp\/wp-json\/wp\/v2\/product"}],"about":[{"href":"https:\/\/saxsim.ee\/swp\/wp-json\/wp\/v2\/types\/product"}],"replies":[{"embeddable":true,"href":"https:\/\/saxsim.ee\/swp\/wp-json\/wp\/v2\/comments?post=12092"}],"wp:featuredmedia":[{"embeddable":true,"href":"https:\/\/saxsim.ee\/swp\/wp-json\/wp\/v2\/media\/12093"}],"wp:attachment":[{"href":"https:\/\/saxsim.ee\/swp\/wp-json\/wp\/v2\/media?parent=12092"}],"wp:term":[{"taxonomy":"product_cat","embeddable":true,"href":"https:\/\/saxsim.ee\/swp\/wp-json\/wp\/v2\/product_cat?post=12092"},{"taxonomy":"product_tag","embeddable":true,"href":"https:\/\/saxsim.ee\/swp\/wp-json\/wp\/v2\/product_tag?post=12092"}],"curies":[{"name":"wp","href":"https:\/\/api.w.org\/{rel}","templated":true}]}}