{"id":11964,"date":"2023-06-12T09:13:47","date_gmt":"2023-06-12T06:13:47","guid":{"rendered":"https:\/\/www.saxsim.ee\/?post_type=product&#038;p=11964"},"modified":"2026-04-06T09:19:08","modified_gmt":"2026-04-06T06:19:08","slug":"aurelia-vibrant-s-latekskindad","status":"publish","type":"product","link":"https:\/\/saxsim.ee\/swp\/product\/aurelia-vibrant-s-latekskindad\/","title":{"rendered":"Aurelia Vibrant S &#8211; latekskindad"},"content":{"rendered":"<div class=\"woocommerce-product-details__short-description\">\n<p>Aurelia Vibrant \u00fchekordne latekskinnas on k\u00f5rgekvaliteediline puudrivaba, v\u00e4rvitu s\u00f5rmkinnas. Aurelia Vibrant on k\u00f5ige populaarseim puudrivaba latekskinnas Aurelia valikus. Selle kinda \u00fchekordne kloreerimine v\u00e4hendab kindas lateksproteiini sisaldust. Mikrotekstuurne pind suurendab kinda haakuvust t\u00f6\u00f6tamisel. Kinda s\u00f5rmeotsa paksus on 0,13 mm. Antud toode on meditsiinilise taseme kinnas, sobib toiduaine t\u00f6\u00f6stuses kasutamiseks, kaitseb mitmete kemikaalide eest.<\/p>\n<p><strong>Kvaliteedi n\u00e4itajad ja vastavused:<\/strong><\/p>\n<p>&#8211; s\u00f5rmeotsa paksus 0,13 mm<br \/>\n&#8211; Vastab EL m\u00e4\u00e4rusele 2016\/425, 93\/42\/EWG<br \/>\n&#8211; ISO 9001:2008, ISO 13485, CMDCAS 13485 (SGS)<br \/>\n&#8211; EN455 CE Klass 1-4 vastab meditsiinilise kinda tasemele<br \/>\n&#8211; T\u00f6\u00f6kinnas vastab standardile EN ISO 21420:2020<\/p>\n<p><strong>\u00dcldised n\u00f5uded t\u00f6\u00f6kinnastele:<\/strong><\/p>\n<p>&#8211; PPE Cat. 3<br \/>\n&#8211; EN374 2-3, \u2013 vastavus keemilistele parameetritele<br \/>\n&#8211; EN388:2016 \u2013 vastavus mehhaanilistele parameetritele<br \/>\n&#8211; EN 1186- Sobib kasutamiseks toiduainete t\u00f6\u00f6stuses (SGS)<br \/>\n&#8211; Mikrotekstuurne pind suurendab haakuvust<br \/>\n&#8211; Mittesteriilne<\/p>\n<\/div>\n","protected":false},"excerpt":{"rendered":"<p>Aurelia Vibrant \u00fchekordne latekskinnas on k\u00f5rgekvaliteediline puudrivaba, v\u00e4rvitu s\u00f5rmkinnas. Aurelia Vibrant on k\u00f5ige populaarseim puudrivaba latekskinnas Aurelia valikus. Selle kinda \u00fchekordne kloreerimine v\u00e4hendab kindas lateksproteiini sisaldust. Mikrotekstuurne pind suurendab kinda haakuvust t\u00f6\u00f6tamisel. Kinda s\u00f5rmeotsa paksus on 0,13 mm. Antud toode on meditsiinilise taseme kinnas, sobib toiduaine t\u00f6\u00f6stuses kasutamiseks, kaitseb mitmete kemikaalide eest. Kvaliteedi n\u00e4itajad ja [&hellip;]<\/p>\n","protected":false},"featured_media":11965,"comment_status":"closed","ping_status":"closed","template":"","meta":[],"product_cat":[577,595,401,293],"product_tag":[],"class_list":{"0":"post-11964","1":"product","2":"type-product","3":"status-publish","4":"has-post-thumbnail","6":"product_cat-iluteenindaja-tarvikud","7":"product_cat-kindad-iluteenindaja-tarvikud","8":"product_cat-juuksuri-tarvikud","9":"product_cat-kindad","11":"first","12":"instock","13":"taxable","14":"shipping-taxable","15":"purchasable","16":"product-type-simple"},"_links":{"self":[{"href":"https:\/\/saxsim.ee\/swp\/wp-json\/wp\/v2\/product\/11964"}],"collection":[{"href":"https:\/\/saxsim.ee\/swp\/wp-json\/wp\/v2\/product"}],"about":[{"href":"https:\/\/saxsim.ee\/swp\/wp-json\/wp\/v2\/types\/product"}],"replies":[{"embeddable":true,"href":"https:\/\/saxsim.ee\/swp\/wp-json\/wp\/v2\/comments?post=11964"}],"wp:featuredmedia":[{"embeddable":true,"href":"https:\/\/saxsim.ee\/swp\/wp-json\/wp\/v2\/media\/11965"}],"wp:attachment":[{"href":"https:\/\/saxsim.ee\/swp\/wp-json\/wp\/v2\/media?parent=11964"}],"wp:term":[{"taxonomy":"product_cat","embeddable":true,"href":"https:\/\/saxsim.ee\/swp\/wp-json\/wp\/v2\/product_cat?post=11964"},{"taxonomy":"product_tag","embeddable":true,"href":"https:\/\/saxsim.ee\/swp\/wp-json\/wp\/v2\/product_tag?post=11964"}],"curies":[{"name":"wp","href":"https:\/\/api.w.org\/{rel}","templated":true}]}}