{"id":11833,"date":"2023-05-18T07:15:30","date_gmt":"2023-05-18T04:15:30","guid":{"rendered":"https:\/\/www.saxsim.ee\/?post_type=product&#038;p=11833"},"modified":"2024-01-08T13:05:16","modified_gmt":"2024-01-08T11:05:16","slug":"cera-digital-care-kasifoon","status":"publish","type":"product","link":"https:\/\/saxsim.ee\/swp\/product\/cera-digital-care-kasifoon\/","title":{"rendered":"Cera Digital Care &#8211; k\u00e4sif\u00f6\u00f6n"},"content":{"rendered":"<p>Cera Digital Care on v\u00f5imas ja lihtsalt k\u00e4sitletav. Valida saab viie t\u00f6\u00f6re\u017eiimi vahel, et saada oma vajadustele parim soojus- ja \u00f5huseade. Uuenduslik kuju v\u00f5imaldab mugavat haaret erinevates k\u00e4teasendites ning f\u00f6\u00f6nil on ka automaatpuhastusfunktsioon, mis v\u00f5imaldab s\u00fcgavpuhastust vaid nupuvajutusega.<\/p>\n<p><strong>Tehnilised andmed:<\/strong><\/p>\n<p>v\u00f5imsus &#8211; 1600 W<br \/>\nharjadeta mootor<br \/>\nion-tehnoloogia<br \/>\ndigitaalne ekraan<br \/>\n3 kiirust<br \/>\n3 kuumusastet<br \/>\nautomaatne puhastusfunktsioon<br \/>\nk\u00fclma \u00f5huvoo nupp<br \/>\nkaal &#8211; 460 g<br \/>\njuhe &#8211; 2,5 m<br \/>\n1\u00a0 magnetiga \u00f5husuunaja<br \/>\n2 magnetiga difuusorit<\/p>\n<p>Tootja:<\/p>\n","protected":false},"excerpt":{"rendered":"<p>Cera Digital Care on v\u00f5imas ja lihtsalt k\u00e4sitletav. Valida saab viie t\u00f6\u00f6re\u017eiimi vahel, et saada oma vajadustele parim soojus- ja \u00f5huseade. Uuenduslik kuju v\u00f5imaldab mugavat haaret erinevates k\u00e4teasendites ning f\u00f6\u00f6nil on ka automaatpuhastusfunktsioon, mis v\u00f5imaldab s\u00fcgavpuhastust vaid nupuvajutusega. Tehnilised andmed: v\u00f5imsus &#8211; 1600 W harjadeta mootor ion-tehnoloogia digitaalne ekraan 3 kiirust 3 kuumusastet automaatne puhastusfunktsioon [&hellip;]<\/p>\n","protected":false},"featured_media":11834,"comment_status":"closed","ping_status":"closed","template":"","meta":[],"product_cat":[792,710,401,280,285],"product_tag":[],"class_list":{"0":"post-11833","1":"product","2":"type-product","3":"status-publish","4":"has-post-thumbnail","6":"product_cat-uued-tooted","7":"product_cat-cera-professional","8":"product_cat-juuksuri-tarvikud","9":"product_cat-elektrilised-toovahendid","10":"product_cat-kasifoonid","12":"first","13":"instock","14":"taxable","15":"shipping-taxable","16":"purchasable","17":"product-type-simple"},"_links":{"self":[{"href":"https:\/\/saxsim.ee\/swp\/wp-json\/wp\/v2\/product\/11833"}],"collection":[{"href":"https:\/\/saxsim.ee\/swp\/wp-json\/wp\/v2\/product"}],"about":[{"href":"https:\/\/saxsim.ee\/swp\/wp-json\/wp\/v2\/types\/product"}],"replies":[{"embeddable":true,"href":"https:\/\/saxsim.ee\/swp\/wp-json\/wp\/v2\/comments?post=11833"}],"wp:featuredmedia":[{"embeddable":true,"href":"https:\/\/saxsim.ee\/swp\/wp-json\/wp\/v2\/media\/11834"}],"wp:attachment":[{"href":"https:\/\/saxsim.ee\/swp\/wp-json\/wp\/v2\/media?parent=11833"}],"wp:term":[{"taxonomy":"product_cat","embeddable":true,"href":"https:\/\/saxsim.ee\/swp\/wp-json\/wp\/v2\/product_cat?post=11833"},{"taxonomy":"product_tag","embeddable":true,"href":"https:\/\/saxsim.ee\/swp\/wp-json\/wp\/v2\/product_tag?post=11833"}],"curies":[{"name":"wp","href":"https:\/\/api.w.org\/{rel}","templated":true}]}}