{"id":1155,"date":"2017-03-09T01:15:06","date_gmt":"2017-03-08T23:15:06","guid":{"rendered":"https:\/\/www.saxsim.ee\/swp\/toode\/sensido-magic-color-paste-71\/"},"modified":"2025-07-03T18:34:53","modified_gmt":"2025-07-03T15:34:53","slug":"71-sensido-magic-color-paste-blondeeriv-salguvarv","status":"publish","type":"product","link":"https:\/\/saxsim.ee\/swp\/product\/71-sensido-magic-color-paste-blondeeriv-salguvarv\/","title":{"rendered":"\/71 SensiDO Magic Color Paste &#8211; blondeeriv salguv\u00e4rv"},"content":{"rendered":"<p><span class=\"VIiyi\" lang=\"et\"><span class=\"JLqJ4b ChMk0b\">SensiDO Color Paste salguv\u00e4rv<\/span><span class=\"JLqJ4b ChMk0b\"> v\u00f5imaldab tumedat v\u00e4rvi juukseid sama v\u00e4rviseguga blondeerida ja v\u00e4rvida kuni kuus astet heledamaks.<\/span> <span class=\"JLqJ4b ChMk0b\">Magic pakub laia valikut toone alates k\u00fclmadest heledatest kuni intensiivsete punasteni.<\/span> <span class=\"JLqJ4b ChMk0b\">K\u00f5iki toone v\u00f5ib omavahel segada.<\/span><\/span><\/p>\n<p><span class=\"VIiyi\" lang=\"et\"> <span class=\"JLqJ4b ChMk0b\"><b>\/71 Light Brown Ash<\/b><\/span> <\/span><\/p>\n<ul>\n<li><span class=\"VIiyi\" lang=\"et\"><span class=\"JLqJ4b ChMk0b\">Salguv\u00e4rv, mis blondeerib ja v\u00e4rvib sama v\u00e4rviseguga kuni kuus astet heledamaks<\/span><\/span><\/li>\n<li><span class=\"VIiyi\" lang=\"et\"><span class=\"JLqJ4b ChMk0b\">Salgud <\/span><span class=\"JLqJ4b ChMk0b\">ilma eelblondeerimiseta isegi teise tumedusastmega juustesse<\/span><\/span><\/li>\n<li><span class=\"VIiyi\" lang=\"et\"><span class=\"JLqJ4b ChMk0b\">Kasutatakse koos SensiDO Bleaching Paste-ga<\/span><\/span><\/li>\n<li><span class=\"VIiyi\" lang=\"et\"><span class=\"JLqJ4b ChMk0b\">V\u00f5i<\/span><span class=\"JLqJ4b ChMk0b\">b kasutada ilma SensiDO Bleaching Paste-ta juba eelnevalt salgutatud juustes<\/span><\/span><\/li>\n<li><span class=\"VIiyi\" lang=\"et\"><span class=\"JLqJ4b ChMk0b\">Vegan ja l\u00f5hnavaba<\/span><\/span><\/li>\n<\/ul>\n","protected":false},"excerpt":{"rendered":"<p>SensiDO Color Paste salguv\u00e4rv v\u00f5imaldab tumedat v\u00e4rvi juukseid sama v\u00e4rviseguga blondeerida ja v\u00e4rvida kuni kuus astet heledamaks. Magic pakub laia valikut toone alates k\u00fclmadest heledatest kuni intensiivsete punasteni. K\u00f5iki toone v\u00f5ib omavahel segada. \/71 Light Brown Ash Salguv\u00e4rv, mis blondeerib ja v\u00e4rvib sama v\u00e4rviseguga kuni kuus astet heledamaks Salgud ilma eelblondeerimiseta isegi teise tumedusastmega juustesse [&hellip;]<\/p>\n","protected":false},"featured_media":9141,"comment_status":"closed","ping_status":"closed","template":"","meta":[],"product_cat":[673,395,666,95,233],"product_tag":[637],"class_list":{"0":"post-1155","1":"product","2":"type-product","3":"status-publish","4":"has-post-thumbnail","6":"product_cat-sensido","7":"product_cat-juuksed","8":"product_cat-professionaalseks-kasutamiseks","9":"product_cat-sensido-juuksevarvid","10":"product_cat-sensido-magic-color-paste","11":"product_tag-profitoode","13":"first","14":"instock","15":"taxable","16":"shipping-taxable","17":"purchasable","18":"product-type-simple"},"_links":{"self":[{"href":"https:\/\/saxsim.ee\/swp\/wp-json\/wp\/v2\/product\/1155"}],"collection":[{"href":"https:\/\/saxsim.ee\/swp\/wp-json\/wp\/v2\/product"}],"about":[{"href":"https:\/\/saxsim.ee\/swp\/wp-json\/wp\/v2\/types\/product"}],"replies":[{"embeddable":true,"href":"https:\/\/saxsim.ee\/swp\/wp-json\/wp\/v2\/comments?post=1155"}],"wp:featuredmedia":[{"embeddable":true,"href":"https:\/\/saxsim.ee\/swp\/wp-json\/wp\/v2\/media\/9141"}],"wp:attachment":[{"href":"https:\/\/saxsim.ee\/swp\/wp-json\/wp\/v2\/media?parent=1155"}],"wp:term":[{"taxonomy":"product_cat","embeddable":true,"href":"https:\/\/saxsim.ee\/swp\/wp-json\/wp\/v2\/product_cat?post=1155"},{"taxonomy":"product_tag","embeddable":true,"href":"https:\/\/saxsim.ee\/swp\/wp-json\/wp\/v2\/product_tag?post=1155"}],"curies":[{"name":"wp","href":"https:\/\/api.w.org\/{rel}","templated":true}]}}