{"id":11513,"date":"2023-03-01T12:16:03","date_gmt":"2023-03-01T10:16:03","guid":{"rendered":"https:\/\/www.saxsim.ee\/?post_type=product&#038;p=11513"},"modified":"2024-02-23T11:38:29","modified_gmt":"2024-02-23T09:38:29","slug":"shorai-bs-65-loikuskaarid","status":"publish","type":"product","link":"https:\/\/saxsim.ee\/swp\/product\/shorai-bs-65-loikuskaarid\/","title":{"rendered":"Sh\u014drai BS 6,5&#8243; &#8211; l\u00f5ikusk\u00e4\u00e4rid"},"content":{"rendered":"<p>Sh\u014drai k\u00e4\u00e4rid on <span class=\"HwtZe\" lang=\"et\"><span class=\"jCAhz ChMk0b\"><span class=\"ryNqvb\">Jaapani terasest<\/span><\/span><\/span> k\u00e4sitsi valmistatud. K\u00e4\u00e4rid on taskukohased ja v\u00e4ga hea kvaliteediga. Hea valik koolidele ja\u00a0alustavatele juuksuritele.<\/p>\n<p><strong>Disainielemendid:<\/strong><br \/>\n&#8211; ergonoomilise kujuga<br \/>\n&#8211; p\u00fcsiva s\u00f5rmetoega<br \/>\n&#8211; lame, s\u00fcvistatud reguleerimiskruvi<br \/>\n&#8211; regulaarse suurusega tera<br \/>\n&#8211; tavalise suurusega s\u00f5rmeavad<\/p>\n<p>Sh\u014drai BS k\u00e4\u00e4re on saadaval 2 erinevas suuruses ( 6,5\u2033 ja 7,0\u2033 ).<\/p>\n","protected":false},"excerpt":{"rendered":"<p>Sh\u014drai k\u00e4\u00e4rid on Jaapani terasest k\u00e4sitsi valmistatud. K\u00e4\u00e4rid on taskukohased ja v\u00e4ga hea kvaliteediga. Hea valik koolidele ja\u00a0alustavatele juuksuritele. Disainielemendid: &#8211; ergonoomilise kujuga &#8211; p\u00fcsiva s\u00f5rmetoega &#8211; lame, s\u00fcvistatud reguleerimiskruvi &#8211; regulaarse suurusega tera &#8211; tavalise suurusega s\u00f5rmeavad Sh\u014drai BS k\u00e4\u00e4re on saadaval 2 erinevas suuruses ( 6,5\u2033 ja 7,0\u2033 ).<\/p>\n","protected":false},"featured_media":11514,"comment_status":"closed","ping_status":"closed","template":"","meta":[],"product_cat":[792,706,401,174,276],"product_tag":[],"class_list":{"0":"post-11513","1":"product","2":"type-product","3":"status-publish","4":"has-post-thumbnail","6":"product_cat-uued-tooted","7":"product_cat-shorai","8":"product_cat-juuksuri-tarvikud","9":"product_cat-kaarid","10":"product_cat-loikuskaarid","12":"first","13":"instock","14":"taxable","15":"shipping-taxable","16":"purchasable","17":"product-type-simple"},"_links":{"self":[{"href":"https:\/\/saxsim.ee\/swp\/wp-json\/wp\/v2\/product\/11513"}],"collection":[{"href":"https:\/\/saxsim.ee\/swp\/wp-json\/wp\/v2\/product"}],"about":[{"href":"https:\/\/saxsim.ee\/swp\/wp-json\/wp\/v2\/types\/product"}],"replies":[{"embeddable":true,"href":"https:\/\/saxsim.ee\/swp\/wp-json\/wp\/v2\/comments?post=11513"}],"wp:featuredmedia":[{"embeddable":true,"href":"https:\/\/saxsim.ee\/swp\/wp-json\/wp\/v2\/media\/11514"}],"wp:attachment":[{"href":"https:\/\/saxsim.ee\/swp\/wp-json\/wp\/v2\/media?parent=11513"}],"wp:term":[{"taxonomy":"product_cat","embeddable":true,"href":"https:\/\/saxsim.ee\/swp\/wp-json\/wp\/v2\/product_cat?post=11513"},{"taxonomy":"product_tag","embeddable":true,"href":"https:\/\/saxsim.ee\/swp\/wp-json\/wp\/v2\/product_tag?post=11513"}],"curies":[{"name":"wp","href":"https:\/\/api.w.org\/{rel}","templated":true}]}}