{"id":11251,"date":"2022-12-31T09:06:55","date_gmt":"2022-12-31T07:06:55","guid":{"rendered":"https:\/\/www.saxsim.ee\/?post_type=product&#038;p=11251"},"modified":"2025-07-16T09:06:31","modified_gmt":"2025-07-16T06:06:31","slug":"cera-hot-air-brush-ovaalne-rullfoon","status":"publish","type":"product","link":"https:\/\/saxsim.ee\/swp\/product\/cera-hot-air-brush-ovaalne-rullfoon\/","title":{"rendered":"Cera Hot Air Brush &#8211; ovaalne rullf\u00f6\u00f6n"},"content":{"rendered":"<p>Cera Hot Air Brush rullf\u00f6\u00f6n kuivatab ja annab l\u00f5putult v\u00f5imalusi soengute tegemiseks.<\/p>\n<p><strong>Tehnilised andmed:<\/strong><\/p>\n<p>700 w<\/p>\n<p>ION tehnoloogia<\/p>\n<p>3 kuumusastet<\/p>\n<p>mittekuumenev ots<\/p>\n<p>keraamiline kuumenev pind, pehmete kuumakindlate nailonpiidega<\/p>\n<p>kuumenev pinna l\u00e4bim\u00f5\u00f5t &#8211; u. 4&#215;6 cm., pikkus &#8211; 9 cm.<\/p>\n<p>kaal \u2013 331 g.<\/p>\n<p>p\u00f6\u00f6rlev juhe \u2013 2,5 m<\/p>\n<p>m\u00f5\u00f5dud \u2013 u. 31 cm x 9 cm x 7 cm<\/p>\n<p>&nbsp;<\/p>\n<p><span class=\"HwtZe\" lang=\"et\"><span class=\"jCAhz ChMk0b\"><span class=\"ryNqvb\"><br \/>\n<\/span><\/span> <\/span><\/p>\n<p><span class=\"HwtZe\" lang=\"et\"><span class=\"jCAhz ChMk0b\"><span class=\"ryNqvb\">\u00a0<\/span><\/span><\/span><\/p>\n<p>&nbsp;<\/p>\n<p>&nbsp;<\/p>\n","protected":false},"excerpt":{"rendered":"<p>Cera Hot Air Brush rullf\u00f6\u00f6n kuivatab ja annab l\u00f5putult v\u00f5imalusi soengute tegemiseks. Tehnilised andmed: 700 w ION tehnoloogia 3 kuumusastet mittekuumenev ots keraamiline kuumenev pind, pehmete kuumakindlate nailonpiidega kuumenev pinna l\u00e4bim\u00f5\u00f5t &#8211; u. 4&#215;6 cm., pikkus &#8211; 9 cm. kaal \u2013 331 g. p\u00f6\u00f6rlev juhe \u2013 2,5 m m\u00f5\u00f5dud \u2013 u. 31 cm x 9 [&hellip;]<\/p>\n","protected":false},"featured_media":11263,"comment_status":"closed","ping_status":"closed","template":"","meta":[],"product_cat":[792,710,401,280,593],"product_tag":[],"class_list":{"0":"post-11251","1":"product","2":"type-product","3":"status-publish","4":"has-post-thumbnail","6":"product_cat-uued-tooted","7":"product_cat-cera-professional","8":"product_cat-juuksuri-tarvikud","9":"product_cat-elektrilised-toovahendid","10":"product_cat-rullfoonid","12":"first","13":"instock","14":"taxable","15":"shipping-taxable","16":"purchasable","17":"product-type-simple"},"_links":{"self":[{"href":"https:\/\/saxsim.ee\/swp\/wp-json\/wp\/v2\/product\/11251"}],"collection":[{"href":"https:\/\/saxsim.ee\/swp\/wp-json\/wp\/v2\/product"}],"about":[{"href":"https:\/\/saxsim.ee\/swp\/wp-json\/wp\/v2\/types\/product"}],"replies":[{"embeddable":true,"href":"https:\/\/saxsim.ee\/swp\/wp-json\/wp\/v2\/comments?post=11251"}],"wp:featuredmedia":[{"embeddable":true,"href":"https:\/\/saxsim.ee\/swp\/wp-json\/wp\/v2\/media\/11263"}],"wp:attachment":[{"href":"https:\/\/saxsim.ee\/swp\/wp-json\/wp\/v2\/media?parent=11251"}],"wp:term":[{"taxonomy":"product_cat","embeddable":true,"href":"https:\/\/saxsim.ee\/swp\/wp-json\/wp\/v2\/product_cat?post=11251"},{"taxonomy":"product_tag","embeddable":true,"href":"https:\/\/saxsim.ee\/swp\/wp-json\/wp\/v2\/product_tag?post=11251"}],"curies":[{"name":"wp","href":"https:\/\/api.w.org\/{rel}","templated":true}]}}