{"id":11096,"date":"2022-12-06T08:51:33","date_gmt":"2022-12-06T06:51:33","guid":{"rendered":"https:\/\/www.saxsim.ee\/?post_type=product&#038;p=11096"},"modified":"2025-07-02T12:35:20","modified_gmt":"2025-07-02T09:35:20","slug":"system4-h-hydro-care-conditioner-150-ml-terapeutiline-palsam-varvitud-ja-kuivadele-juustele","status":"publish","type":"product","link":"https:\/\/saxsim.ee\/swp\/product\/system4-h-hydro-care-conditioner-150-ml-terapeutiline-palsam-varvitud-ja-kuivadele-juustele\/","title":{"rendered":"System4 &#8211; H Hydro Care Conditioner 150 ml &#8211; terapeutiline palsam v\u00e4rvitud ja kuivadele juustele"},"content":{"rendered":"<p>\u2013 <span class=\"HwtZe\" lang=\"et\"><span class=\"jCAhz ChMk0b\"><span class=\"ryNqvb\">Niisutab t\u00f5husalt juukseid<\/span><\/span><\/span><br \/>\n\u2013 <span class=\"HwtZe\" lang=\"et\"><span class=\"jCAhz ChMk0b\"><span class=\"ryNqvb\">Kaitseb juuksev\u00e4rvi tuhmumise eest<\/span><\/span><\/span><br \/>\n\u2013 <span class=\"HwtZe\" lang=\"et\"><span class=\"jCAhz ChMk0b\"><span class=\"ryNqvb\">Hoiab \u00e4ra peanaha s\u00fcgeluse ja punetuse<\/span><\/span><\/span><br \/>\n\u2013 Vegan ja dermatoloogiliselt testitud<br \/>\n\u2013 Pudel on valmistatud 50% taaskasutatud plastikust<\/p>\n<p><span class=\"HwtZe\" lang=\"et\"><span class=\"jCAhz ChMk0b\"><span class=\"ryNqvb\">T\u00f5hus juuste niisutaja.<\/span><\/span> <span class=\"jCAhz ChMk0b\"><span class=\"ryNqvb\">Palsam toetab juuste loomulikku niiskustasakaalu ning selles sisalduvad rahustavad koostisained hoiavad \u00e4ra k\u00f5\u00f5ma, s\u00fcgeluse ja peanaha punetuse.<\/span><\/span> <span class=\"jCAhz ChMk0b\"><span class=\"ryNqvb\">Kaitseb juuksev\u00e4rvi tuhmumise eest, annab juustele kauni l\u00e4ike ja muudab juuksed kergemini k\u00e4sitletavateks.<\/span><\/span> <span class=\"jCAhz ChMk0b\"><span class=\"ryNqvb\">Sisaldab salits\u00fc\u00fclhapet, mis toimib kooriva koostisosana.<\/span><\/span><\/span><\/p>\n<p><strong><u>Kasutamine:<\/u><\/strong> Kanna palsam r\u00e4tikukuivadesse juustesse ja peanahale. Laske m\u00f5juda 2-5 minutit ja loputage hoolikalt leige veega.<\/p>\n<p>pH:\u00a03,0<\/p>\n<p>Ei tohi kasutada alla 3\u00a0aastaste laste puhul !!!<\/p>\n<p>&nbsp;<\/p>\n","protected":false},"excerpt":{"rendered":"<p>\u2013 Niisutab t\u00f5husalt juukseid \u2013 Kaitseb juuksev\u00e4rvi tuhmumise eest \u2013 Hoiab \u00e4ra peanaha s\u00fcgeluse ja punetuse \u2013 Vegan ja dermatoloogiliselt testitud \u2013 Pudel on valmistatud 50% taaskasutatud plastikust T\u00f5hus juuste niisutaja. Palsam toetab juuste loomulikku niiskustasakaalu ning selles sisalduvad rahustavad koostisained hoiavad \u00e4ra k\u00f5\u00f5ma, s\u00fcgeluse ja peanaha punetuse. Kaitseb juuksev\u00e4rvi tuhmumise eest, annab juustele kauni [&hellip;]<\/p>\n","protected":false},"featured_media":11097,"comment_status":"closed","ping_status":"closed","template":"","meta":[],"product_cat":[672,395,660],"product_tag":[],"class_list":{"0":"post-11096","1":"product","2":"type-product","3":"status-publish","4":"has-post-thumbnail","6":"product_cat-system-4","7":"product_cat-juuksed","8":"product_cat-palsamid","10":"first","11":"instock","12":"downloadable","13":"virtual","14":"taxable","15":"purchasable","16":"product-type-simple"},"_links":{"self":[{"href":"https:\/\/saxsim.ee\/swp\/wp-json\/wp\/v2\/product\/11096"}],"collection":[{"href":"https:\/\/saxsim.ee\/swp\/wp-json\/wp\/v2\/product"}],"about":[{"href":"https:\/\/saxsim.ee\/swp\/wp-json\/wp\/v2\/types\/product"}],"replies":[{"embeddable":true,"href":"https:\/\/saxsim.ee\/swp\/wp-json\/wp\/v2\/comments?post=11096"}],"wp:featuredmedia":[{"embeddable":true,"href":"https:\/\/saxsim.ee\/swp\/wp-json\/wp\/v2\/media\/11097"}],"wp:attachment":[{"href":"https:\/\/saxsim.ee\/swp\/wp-json\/wp\/v2\/media?parent=11096"}],"wp:term":[{"taxonomy":"product_cat","embeddable":true,"href":"https:\/\/saxsim.ee\/swp\/wp-json\/wp\/v2\/product_cat?post=11096"},{"taxonomy":"product_tag","embeddable":true,"href":"https:\/\/saxsim.ee\/swp\/wp-json\/wp\/v2\/product_tag?post=11096"}],"curies":[{"name":"wp","href":"https:\/\/api.w.org\/{rel}","templated":true}]}}