{"id":1078,"date":"2017-03-08T23:09:37","date_gmt":"2017-03-08T21:09:37","guid":{"rendered":"https:\/\/www.saxsim.ee\/swp\/toode\/sensido-quick-q30\/"},"modified":"2025-07-03T18:05:48","modified_gmt":"2025-07-03T15:05:48","slug":"q3-0-sensido-quick-color-juuksevarv-professionaalidele","status":"publish","type":"product","link":"https:\/\/saxsim.ee\/swp\/product\/q3-0-sensido-quick-color-juuksevarv-professionaalidele\/","title":{"rendered":"Q3\/0 SensiDO Quick Color \u2013 juuksev\u00e4rv professionaalidele"},"content":{"rendered":"<p><b>3\/0 Dark Brown<\/b><\/p>\n<p>L\u00f5hnastamata <span class=\"VIiyi\" lang=\"et\"><span class=\"JLqJ4b ChMk0b\">SensiDO Quick<\/span><\/span> Color on aega<span class=\"VIiyi\" lang=\"et\"><span class=\"JLqJ4b ChMk0b\"> s\u00e4\u00e4stev juuksev\u00e4rv, mis v\u00f5imaldab v\u00e4rvida l\u00fchikesed juuksed kuni 10 minutiga.<\/span> <span class=\"JLqJ4b ChMk0b\">SensiDO Quick v\u00e4rvi koostis v\u00f5imaldab kiireid v\u00e4rvimistehnikaid, n\u00e4iteks aplikaatorpudelit kasutades.<\/span><\/span><\/p>\n<ul>\n<li><span class=\"VIiyi\" lang=\"et\"><span class=\"JLqJ4b\"><span class=\"JLqJ4b ChMk0b\">10 min.<\/span> kiirv\u00e4rv<\/span><\/span><\/li>\n<li><span class=\"VIiyi\" lang=\"et\"><span class=\"JLqJ4b\"><span class=\"JLqJ4b ChMk0b\">suurep\u00e4rane toode v\u00e4ljakasvu v\u00e4rvimiseks<br \/>\n<\/span><\/span><\/span><\/li>\n<li><span class=\"VIiyi\" lang=\"et\"><span class=\"JLqJ4b ChMk0b\">70-80<\/span><\/span>% hallikatvust<\/li>\n<li><span class=\"VIiyi\" lang=\"et\"><span class=\"JLqJ4b ChMk0b\">ideaalne hallide juuste loomulikuks katmiseks<\/span><\/span><\/li>\n<li><span class=\"VIiyi\" lang=\"et\"><span class=\"JLqJ4b ChMk0b\">lihtne ja kiire viis teenuste m\u00fc\u00fcgi suurendamiseks<\/span><\/span><\/li>\n<li>l\u00f5hnastamata ja vegan<\/li>\n<li>ainult professionaalseks kasutamiseks<\/li>\n<li>pakendi suurus 60 ml<\/li>\n<\/ul>\n","protected":false},"excerpt":{"rendered":"<p>3\/0 Dark Brown L\u00f5hnastamata SensiDO Quick Color on aega s\u00e4\u00e4stev juuksev\u00e4rv, mis v\u00f5imaldab v\u00e4rvida l\u00fchikesed juuksed kuni 10 minutiga. SensiDO Quick v\u00e4rvi koostis v\u00f5imaldab kiireid v\u00e4rvimistehnikaid, n\u00e4iteks aplikaatorpudelit kasutades. 10 min. kiirv\u00e4rv suurep\u00e4rane toode v\u00e4ljakasvu v\u00e4rvimiseks 70-80% hallikatvust ideaalne hallide juuste loomulikuks katmiseks lihtne ja kiire viis teenuste m\u00fc\u00fcgi suurendamiseks l\u00f5hnastamata ja vegan ainult professionaalseks [&hellip;]<\/p>\n","protected":false},"featured_media":9762,"comment_status":"closed","ping_status":"closed","template":"","meta":[],"product_cat":[673,395,666,95,219],"product_tag":[637],"class_list":{"0":"post-1078","1":"product","2":"type-product","3":"status-publish","4":"has-post-thumbnail","6":"product_cat-sensido","7":"product_cat-juuksed","8":"product_cat-professionaalseks-kasutamiseks","9":"product_cat-sensido-juuksevarvid","10":"product_cat-sensido-cream-color-quick-10-minute-colors","11":"product_tag-profitoode","13":"first","14":"instock","15":"taxable","16":"shipping-taxable","17":"purchasable","18":"product-type-simple"},"_links":{"self":[{"href":"https:\/\/saxsim.ee\/swp\/wp-json\/wp\/v2\/product\/1078"}],"collection":[{"href":"https:\/\/saxsim.ee\/swp\/wp-json\/wp\/v2\/product"}],"about":[{"href":"https:\/\/saxsim.ee\/swp\/wp-json\/wp\/v2\/types\/product"}],"replies":[{"embeddable":true,"href":"https:\/\/saxsim.ee\/swp\/wp-json\/wp\/v2\/comments?post=1078"}],"wp:featuredmedia":[{"embeddable":true,"href":"https:\/\/saxsim.ee\/swp\/wp-json\/wp\/v2\/media\/9762"}],"wp:attachment":[{"href":"https:\/\/saxsim.ee\/swp\/wp-json\/wp\/v2\/media?parent=1078"}],"wp:term":[{"taxonomy":"product_cat","embeddable":true,"href":"https:\/\/saxsim.ee\/swp\/wp-json\/wp\/v2\/product_cat?post=1078"},{"taxonomy":"product_tag","embeddable":true,"href":"https:\/\/saxsim.ee\/swp\/wp-json\/wp\/v2\/product_tag?post=1078"}],"curies":[{"name":"wp","href":"https:\/\/api.w.org\/{rel}","templated":true}]}}