{"id":10746,"date":"2022-09-14T08:58:37","date_gmt":"2022-09-14T05:58:37","guid":{"rendered":"https:\/\/www.saxsim.ee\/?post_type=product&#038;p=10746"},"modified":"2025-07-02T12:17:34","modified_gmt":"2025-07-02T09:17:34","slug":"system4-bio-botanical-shampoo-250-ml-sampoon-juuste-valjalangemise-vastu","status":"publish","type":"product","link":"https:\/\/saxsim.ee\/swp\/product\/system4-bio-botanical-shampoo-250-ml-sampoon-juuste-valjalangemise-vastu\/","title":{"rendered":"System4 &#8211; Bio Botanical Shampoo 250 ml  &#8211; \u0161ampoon juuste v\u00e4ljalangemise vastu"},"content":{"rendered":"<p>Juuksekasvu stimuleeriv ja juuste enneaegset v\u00e4ljalangemist \u00e4ra hoidev \u0161ampoon. Sobib igap\u00e4evaseks kasutamiseks k\u00f5ikidele juukset\u00fc\u00fcpidele. Peseb t\u00f5husalt juuksed ja peanaha, s\u00e4ilitades juustes \u00f5ige niiskustasakaalu. Eemaldab k\u00f5\u00f5ma, tasakaalustab \u00fclem\u00e4\u00e4rase rasuerituse ning rahustab \u00e4rritunud peanahka. Aktiivsed koostisosad koos looduslike taimeekstraktidega stimuleerivad peanaha vereringet ja v\u00f5imaldavad uute ning tervete juuste kasvu. Annab juustele uut eluj\u00f5udu ning l\u00e4iget ja teeb nad kergesti kammitavateks.<\/p>\n<p><u>Kasutamine:<\/u> Kanna \u0161ampoon juustele ja peanahale, pese \u00f5rnalt masseerides 2-3 minutit ja loputa hoolikalt. J\u00e4tka t\u00f6\u00f6tlust Bio Botanical Serum`iga.<\/p>\n<p>Ei sisalda v\u00e4rv- ja l\u00f5hnaineid. pH 4,8<\/p>\n<p><strong>Toode on dermatoloogiliselt testitud.<\/strong><\/p>\n<p>&nbsp;<\/p>\n","protected":false},"excerpt":{"rendered":"<p>Juuksekasvu stimuleeriv ja juuste enneaegset v\u00e4ljalangemist \u00e4ra hoidev \u0161ampoon. Sobib igap\u00e4evaseks kasutamiseks k\u00f5ikidele juukset\u00fc\u00fcpidele. Peseb t\u00f5husalt juuksed ja peanaha, s\u00e4ilitades juustes \u00f5ige niiskustasakaalu. Eemaldab k\u00f5\u00f5ma, tasakaalustab \u00fclem\u00e4\u00e4rase rasuerituse ning rahustab \u00e4rritunud peanahka. Aktiivsed koostisosad koos looduslike taimeekstraktidega stimuleerivad peanaha vereringet ja v\u00f5imaldavad uute ning tervete juuste kasvu. Annab juustele uut eluj\u00f5udu ning l\u00e4iget ja teeb [&hellip;]<\/p>\n","protected":false},"featured_media":10747,"comment_status":"closed","ping_status":"closed","template":"","meta":[],"product_cat":[671,672,395,659,284],"product_tag":[],"class_list":{"0":"post-10746","1":"product","2":"type-product","3":"status-publish","4":"has-post-thumbnail","6":"product_cat-bio-botanical","7":"product_cat-system-4","8":"product_cat-juuksed","9":"product_cat-sampoonid","10":"product_cat-reisimiseks","12":"first","13":"instock","14":"taxable","15":"shipping-taxable","16":"purchasable","17":"product-type-simple"},"_links":{"self":[{"href":"https:\/\/saxsim.ee\/swp\/wp-json\/wp\/v2\/product\/10746"}],"collection":[{"href":"https:\/\/saxsim.ee\/swp\/wp-json\/wp\/v2\/product"}],"about":[{"href":"https:\/\/saxsim.ee\/swp\/wp-json\/wp\/v2\/types\/product"}],"replies":[{"embeddable":true,"href":"https:\/\/saxsim.ee\/swp\/wp-json\/wp\/v2\/comments?post=10746"}],"wp:featuredmedia":[{"embeddable":true,"href":"https:\/\/saxsim.ee\/swp\/wp-json\/wp\/v2\/media\/10747"}],"wp:attachment":[{"href":"https:\/\/saxsim.ee\/swp\/wp-json\/wp\/v2\/media?parent=10746"}],"wp:term":[{"taxonomy":"product_cat","embeddable":true,"href":"https:\/\/saxsim.ee\/swp\/wp-json\/wp\/v2\/product_cat?post=10746"},{"taxonomy":"product_tag","embeddable":true,"href":"https:\/\/saxsim.ee\/swp\/wp-json\/wp\/v2\/product_tag?post=10746"}],"curies":[{"name":"wp","href":"https:\/\/api.w.org\/{rel}","templated":true}]}}